Last updated on 2022-08-17 04:50:43 CEST.
Flavor | Version | Tinstall | Tcheck | Ttotal | Status | Flags |
---|---|---|---|---|---|---|
r-devel-linux-x86_64-debian-clang | 1.1.0 | 226.43 | 77.66 | 304.09 | OK | |
r-devel-linux-x86_64-debian-gcc | 1.1.0 | OK | ||||
r-devel-linux-x86_64-fedora-clang | 1.1.0 | 431.96 | NOTE | |||
r-devel-linux-x86_64-fedora-gcc | 1.1.0 | 408.45 | OK | |||
r-devel-windows-x86_64 | 1.1.0 | 194.00 | 118.00 | 312.00 | NOTE | |
r-patched-linux-x86_64 | 1.1.0 | 184.12 | 71.34 | 255.46 | OK | |
r-release-linux-x86_64 | 1.1.0 | 199.14 | 73.62 | 272.76 | OK | |
r-release-macos-arm64 | 1.1.0 | 123.00 | NOTE | |||
r-release-macos-x86_64 | 1.1.0 | 124.00 | NOTE | |||
r-release-windows-x86_64 | 1.1.0 | 182.00 | 123.00 | 305.00 | NOTE | |
r-oldrel-macos-arm64 | 1.1.0 | 110.00 | NOTE | |||
r-oldrel-macos-x86_64 | 1.1.0 | 123.00 | NOTE | |||
r-oldrel-windows-ix86+x86_64 | 1.1.0 | 531.00 | 139.00 | 670.00 | NOTE |
Version: 1.1.0
Check: installed package size
Result: NOTE
installed size is 10.5Mb
sub-directories of 1Mb or more:
extdata 8.9Mb
libs 1.4Mb
Flavors: r-devel-linux-x86_64-fedora-clang, r-devel-windows-x86_64, r-release-macos-arm64, r-release-macos-x86_64, r-release-windows-x86_64, r-oldrel-macos-arm64, r-oldrel-macos-x86_64, r-oldrel-windows-ix86+x86_64