Last updated on 2023-02-06 03:54:34 CET.
Flavor | Version | Tinstall | Tcheck | Ttotal | Status | Flags |
---|---|---|---|---|---|---|
r-devel-linux-x86_64-debian-clang | 0.5.1 | 63.28 | 29.32 | 92.60 | NOTE | |
r-devel-linux-x86_64-debian-gcc | 0.5.1 | 56.44 | 22.56 | 79.00 | NOTE | |
r-devel-linux-x86_64-fedora-clang | 0.5.1 | 178.82 | NOTE | |||
r-devel-linux-x86_64-fedora-gcc | 0.5.1 | 145.63 | NOTE | |||
r-devel-windows-x86_64 | 0.5.1 | 199.00 | 104.00 | 303.00 | NOTE | |
r-patched-linux-x86_64 | 0.5.1 | 63.37 | 28.66 | 92.03 | OK | |
r-release-linux-x86_64 | 0.5.1 | 59.90 | 27.98 | 87.88 | OK | |
r-release-macos-arm64 | 0.5.1 | 47.00 | NOTE | |||
r-release-macos-x86_64 | 0.5.1 | 81.00 | NOTE | |||
r-release-windows-x86_64 | 0.5.1 | 126.00 | 79.00 | 205.00 | OK | |
r-oldrel-macos-arm64 | 0.5.1 | 47.00 | NOTE | |||
r-oldrel-macos-x86_64 | 0.5.1 | 79.00 | NOTE | |||
r-oldrel-windows-ix86+x86_64 | 0.5.1 | 171.00 | 70.00 | 241.00 | OK |
Version: 0.5.1
Check: C++ specification
Result: NOTE
Specified C++11: please update to current default of C++17
Flavors: r-devel-linux-x86_64-debian-clang, r-devel-linux-x86_64-debian-gcc, r-devel-linux-x86_64-fedora-clang, r-devel-linux-x86_64-fedora-gcc, r-devel-windows-x86_64
Version: 0.5.1
Check: installed package size
Result: NOTE
installed size is 9.2Mb
sub-directories of 1Mb or more:
highlight 1.0Mb
libs 8.0Mb
Flavors: r-release-macos-arm64, r-release-macos-x86_64, r-oldrel-macos-arm64, r-oldrel-macos-x86_64