CRAN Package Check Results for Package hisse

Last updated on 2022-10-07 04:55:52 CEST.

Flavor Version Tinstall Tcheck Ttotal Status Flags
r-devel-linux-x86_64-debian-clang 2.1.9 71.64 443.87 515.51 OK
r-devel-linux-x86_64-debian-gcc 2.1.9 52.23 312.22 364.45 WARN
r-devel-linux-x86_64-fedora-clang 2.1.9 625.42 WARN
r-devel-linux-x86_64-fedora-gcc 2.1.9 598.13 WARN
r-devel-windows-x86_64 2.1.9 120.00 455.00 575.00 OK
r-patched-linux-x86_64 2.1.9 47.13 416.21 463.34 OK
r-release-linux-x86_64 2.1.9 40.89 407.36 448.25 OK
r-release-macos-arm64 2.1.9 143.00 OK
r-release-macos-x86_64 2.1.9 190.00 OK
r-release-windows-x86_64 2.1.9 145.00 484.00 629.00 OK
r-oldrel-macos-arm64 2.1.9 119.00 OK
r-oldrel-macos-x86_64 2.1.9 206.00 OK
r-oldrel-windows-ix86+x86_64 2.1.9 177.00 591.00 768.00 OK

Check Details

Version: 2.1.9
Check: whether package can be installed
Result: WARN
    Found the following significant warnings:
     registerDynamicSymbol.c:8:1: warning: function declaration isn’t a prototype [-Wstrict-prototypes]
     registerDynamicSymbol.c:9:1: warning: function declaration isn’t a prototype [-Wstrict-prototypes]
     registerDynamicSymbol.c:10:1: warning: function declaration isn’t a prototype [-Wstrict-prototypes]
     registerDynamicSymbol.c:11:1: warning: function declaration isn’t a prototype [-Wstrict-prototypes]
     registerDynamicSymbol.c:12:1: warning: function declaration isn’t a prototype [-Wstrict-prototypes]
     registerDynamicSymbol.c:13:1: warning: function declaration isn’t a prototype [-Wstrict-prototypes]
     registerDynamicSymbol.c:14:1: warning: function declaration isn’t a prototype [-Wstrict-prototypes]
     registerDynamicSymbol.c:17:1: warning: function declaration isn’t a prototype [-Wstrict-prototypes]
     registerDynamicSymbol.c:18:1: warning: function declaration isn’t a prototype [-Wstrict-prototypes]
     registerDynamicSymbol.c:19:1: warning: function declaration isn’t a prototype [-Wstrict-prototypes]
     registerDynamicSymbol.c:20:1: warning: function declaration isn’t a prototype [-Wstrict-prototypes]
     registerDynamicSymbol.c:21:1: warning: function declaration isn’t a prototype [-Wstrict-prototypes]
     registerDynamicSymbol.c:22:1: warning: function declaration isn’t a prototype [-Wstrict-prototypes]
     registerDynamicSymbol.c:23:1: warning: function declaration isn’t a prototype [-Wstrict-prototypes]
     registerDynamicSymbol.c:24:1: warning: function declaration isn’t a prototype [-Wstrict-prototypes]
     registerDynamicSymbol.c:25:1: warning: function declaration isn’t a prototype [-Wstrict-prototypes]
Flavors: r-devel-linux-x86_64-debian-gcc, r-devel-linux-x86_64-fedora-gcc

Version: 2.1.9
Check: compilation flags used
Result: NOTE
    Compilation used the following non-portable flag(s):
     ‘-Wstrict-prototypes’
Flavor: r-devel-linux-x86_64-debian-gcc

Version: 2.1.9
Check: whether package can be installed
Result: WARN
    Found the following significant warnings:
     registerDynamicSymbol.c:8:26: warning: a function declaration without a prototype is deprecated in all versions of C [-Wstrict-prototypes]
     registerDynamicSymbol.c:9:26: warning: a function declaration without a prototype is deprecated in all versions of C [-Wstrict-prototypes]
     registerDynamicSymbol.c:10:31: warning: a function declaration without a prototype is deprecated in all versions of C [-Wstrict-prototypes]
     registerDynamicSymbol.c:11:27: warning: a function declaration without a prototype is deprecated in all versions of C [-Wstrict-prototypes]
     registerDynamicSymbol.c:12:29: warning: a function declaration without a prototype is deprecated in all versions of C [-Wstrict-prototypes]
     registerDynamicSymbol.c:13:28: warning: a function declaration without a prototype is deprecated in all versions of C [-Wstrict-prototypes]
     registerDynamicSymbol.c:14:30: warning: a function declaration without a prototype is deprecated in all versions of C [-Wstrict-prototypes]
     registerDynamicSymbol.c:17:26: warning: a function declaration without a prototype is deprecated in all versions of C [-Wstrict-prototypes]
     registerDynamicSymbol.c:18:28: warning: a function declaration without a prototype is deprecated in all versions of C [-Wstrict-prototypes]
     registerDynamicSymbol.c:19:30: warning: a function declaration without a prototype is deprecated in all versions of C [-Wstrict-prototypes]
     registerDynamicSymbol.c:20:31: warning: a function declaration without a prototype is deprecated in all versions of C [-Wstrict-prototypes]
     registerDynamicSymbol.c:21:28: warning: a function declaration without a prototype is deprecated in all versions of C [-Wstrict-prototypes]
     registerDynamicSymbol.c:22:29: warning: a function declaration without a prototype is deprecated in all versions of C [-Wstrict-prototypes]
     registerDynamicSymbol.c:23:26: warning: a function declaration without a prototype is deprecated in all versions of C [-Wstrict-prototypes]
     registerDynamicSymbol.c:24:27: warning: a function declaration without a prototype is deprecated in all versions of C [-Wstrict-prototypes]
     registerDynamicSymbol.c:25:27: warning: a function declaration without a prototype is deprecated in all versions of C [-Wstrict-prototypes]
Flavor: r-devel-linux-x86_64-fedora-clang