Last updated on 2023-01-30 04:52:24 CET.
Flavor | Version | Tinstall | Tcheck | Ttotal | Status | Flags |
---|---|---|---|---|---|---|
r-devel-linux-x86_64-debian-clang | 0.0.5 | 175.02 | 254.33 | 429.35 | NOTE | |
r-devel-linux-x86_64-debian-gcc | 0.0.5 | 150.15 | 190.28 | 340.43 | NOTE | |
r-devel-linux-x86_64-fedora-clang | 0.0.5 | 572.17 | NOTE | |||
r-devel-linux-x86_64-fedora-gcc | 0.0.5 | 621.73 | NOTE | |||
r-devel-windows-x86_64 | 0.0.5 | 287.00 | 313.00 | 600.00 | NOTE | |
r-patched-linux-x86_64 | 0.0.5 | 140.60 | 250.74 | 391.34 | NOTE | |
r-release-linux-x86_64 | 0.0.5 | 123.13 | 249.45 | 372.58 | NOTE | |
r-release-macos-arm64 | 0.0.5 | 144.00 | NOTE | |||
r-release-macos-x86_64 | 0.0.5 | 199.00 | NOTE | |||
r-release-windows-x86_64 | 0.0.5 | 251.00 | 320.00 | 571.00 | NOTE | |
r-oldrel-macos-arm64 | 0.0.5 | 142.00 | NOTE | |||
r-oldrel-macos-x86_64 | 0.0.5 | 204.00 | NOTE | |||
r-oldrel-windows-ix86+x86_64 | 0.0.5 | 370.00 | 419.00 | 789.00 | NOTE |
Version: 0.0.5
Check: for GNU extensions in Makefiles
Result: NOTE
GNU make is a SystemRequirements.
Flavors: r-devel-linux-x86_64-debian-clang, r-devel-linux-x86_64-debian-gcc, r-devel-linux-x86_64-fedora-clang, r-devel-linux-x86_64-fedora-gcc, r-devel-windows-x86_64, r-patched-linux-x86_64, r-release-linux-x86_64, r-release-macos-arm64, r-release-macos-x86_64, r-release-windows-x86_64, r-oldrel-macos-arm64, r-oldrel-macos-x86_64, r-oldrel-windows-ix86+x86_64
Version: 0.0.5
Check: C++ specification
Result: NOTE
Specified C++14: please update to current default of C++17
Flavors: r-devel-linux-x86_64-debian-gcc, r-devel-linux-x86_64-fedora-gcc, r-devel-windows-x86_64
Version: 0.0.5
Check: installed package size
Result: NOTE
installed size is 41.0Mb
sub-directories of 1Mb or more:
libs 40.6Mb
Flavors: r-release-macos-arm64, r-release-macos-x86_64, r-oldrel-macos-arm64, r-oldrel-macos-x86_64