Last updated on 2023-03-21 03:54:24 CET.
Flavor | Version | Tinstall | Tcheck | Ttotal | Status | Flags |
---|---|---|---|---|---|---|
r-devel-linux-x86_64-debian-clang | 0.2.4 | NOTE | ||||
r-devel-linux-x86_64-debian-gcc | 0.2.4 | 7.31 | 58.46 | 65.77 | NOTE | |
r-devel-linux-x86_64-fedora-clang | 0.2.4 | 112.85 | NOTE | |||
r-devel-linux-x86_64-fedora-gcc | 0.2.4 | 114.77 | NOTE | |||
r-patched-linux-x86_64 | 0.2.4 | 9.31 | 75.16 | 84.47 | NOTE | |
r-release-linux-x86_64 | 0.2.4 | 8.89 | 75.51 | 84.40 | NOTE | |
r-release-macos-arm64 | 0.2.4 | 33.00 | NOTE | |||
r-release-macos-x86_64 | 0.2.4 | 45.00 | NOTE | |||
r-release-windows-x86_64 | 0.2.4 | 38.00 | 123.00 | 161.00 | OK | |
r-oldrel-macos-arm64 | 0.2.4 | 42.00 | OK | |||
r-oldrel-macos-x86_64 | 0.2.4 | 54.00 | OK | |||
r-oldrel-windows-ix86+x86_64 | 0.2.4 | 22.00 | 104.00 | 126.00 | OK |
Version: 0.2.4
Check: package dependencies
Result: NOTE
Package suggested but not available for checking: ‘trackr’
Flavors: r-devel-linux-x86_64-debian-clang, r-devel-linux-x86_64-debian-gcc, r-devel-linux-x86_64-fedora-clang, r-devel-linux-x86_64-fedora-gcc, r-patched-linux-x86_64, r-release-linux-x86_64, r-release-macos-arm64, r-release-macos-x86_64