CRAN Package Check Results for Package histry

Last updated on 2024-02-24 03:52:36 CET.

Flavor Version Tinstall Tcheck Ttotal Status Flags
r-devel-linux-x86_64-debian-clang 0.2.4 6.17 75.92 82.09 NOTE
r-devel-linux-x86_64-debian-gcc 0.2.4 7.61 57.65 65.26 NOTE
r-devel-linux-x86_64-fedora-clang 0.2.4 103.46 NOTE
r-devel-linux-x86_64-fedora-gcc 0.2.4 113.11 NOTE
r-devel-windows-x86_64 0.2.4 9.00 82.00 91.00 NOTE
r-patched-linux-x86_64 0.2.4 9.52 76.11 85.63 NOTE
r-release-linux-x86_64 0.2.4 8.67 73.44 82.11 NOTE
r-release-macos-arm64 0.2.4 41.00 NOTE
r-release-macos-x86_64 0.2.4 65.00 NOTE
r-release-windows-x86_64 0.2.4 11.00 91.00 102.00 NOTE
r-oldrel-macos-arm64 0.2.4 33.00 NOTE
r-oldrel-windows-x86_64 0.2.4 15.00 94.00 109.00 NOTE

Check Details

Version: 0.2.4
Check: package dependencies
Result: NOTE Package suggested but not available for checking: ‘trackr’ Flavors: r-devel-linux-x86_64-debian-clang, r-devel-linux-x86_64-debian-gcc, r-devel-linux-x86_64-fedora-clang, r-devel-linux-x86_64-fedora-gcc, r-devel-windows-x86_64, r-patched-linux-x86_64, r-release-linux-x86_64, r-release-macos-arm64, r-release-macos-x86_64, r-release-windows-x86_64, r-oldrel-macos-arm64, r-oldrel-windows-x86_64