CRAN Package Check Results for Package hkex.api

Last updated on 2023-02-01 03:54:18 CET.

Flavor Version Tinstall Tcheck Ttotal Status Flags
r-devel-linux-x86_64-debian-clang 0.1 4.20 38.32 42.52 NOTE
r-devel-linux-x86_64-debian-gcc 0.1 3.10 29.17 32.27 NOTE
r-devel-linux-x86_64-fedora-clang 0.1 52.53 NOTE
r-devel-linux-x86_64-fedora-gcc 0.1 51.55 NOTE
r-devel-windows-x86_64 0.1 9.00 70.00 79.00 NOTE
r-patched-linux-x86_64 0.1 3.10 37.55 40.65 NOTE
r-release-linux-x86_64 0.1 3.10 36.87 39.97 NOTE
r-release-macos-arm64 0.1 21.00 NOTE
r-release-macos-x86_64 0.1 28.00 NOTE
r-release-windows-x86_64 0.1 8.00 81.00 89.00 NOTE
r-oldrel-macos-arm64 0.1 25.00 NOTE
r-oldrel-macos-x86_64 0.1 34.00 NOTE
r-oldrel-windows-ix86+x86_64 0.1 8.00 67.00 75.00 NOTE

Check Details

Version: 0.1
Check: LazyData
Result: NOTE
     'LazyData' is specified without a 'data' directory
Flavors: r-devel-linux-x86_64-debian-clang, r-devel-linux-x86_64-debian-gcc, r-devel-linux-x86_64-fedora-clang, r-devel-linux-x86_64-fedora-gcc, r-devel-windows-x86_64, r-patched-linux-x86_64, r-release-linux-x86_64, r-release-macos-arm64, r-release-macos-x86_64, r-release-windows-x86_64, r-oldrel-macos-arm64, r-oldrel-macos-x86_64, r-oldrel-windows-ix86+x86_64