CRAN Package Check Results for Package hpa

Last updated on 2022-12-01 04:00:34 CET.

Flavor Version Tinstall Tcheck Ttotal Status Flags
r-devel-linux-x86_64-debian-clang 1.3.0 239.16 43.36 282.52 OK
r-devel-linux-x86_64-debian-gcc 1.3.0 208.70 33.42 242.12 OK
r-devel-linux-x86_64-fedora-clang 1.3.0 419.13 OK
r-devel-linux-x86_64-fedora-gcc 1.3.0 445.50 OK
r-devel-windows-x86_64 1.3.0 209.00 109.00 318.00 OK
r-patched-linux-x86_64 1.3.0 217.19 36.65 253.84 OK
r-release-linux-x86_64 1.3.0 201.36 36.85 238.21 OK
r-release-macos-arm64 1.3.0 107.00 NOTE
r-release-macos-x86_64 1.3.0 119.00 NOTE
r-release-windows-x86_64 1.3.0 177.00 104.00 281.00 OK
r-oldrel-macos-arm64 1.3.0 101.00 NOTE
r-oldrel-macos-x86_64 1.3.0 127.00 NOTE
r-oldrel-windows-ix86+x86_64 1.3.0 563.00 98.00 661.00 OK

Check Details

Version: 1.3.0
Check: installed package size
Result: NOTE
     installed size is 15.8Mb
     sub-directories of 1Mb or more:
     libs 15.4Mb
Flavors: r-release-macos-arm64, r-release-macos-x86_64, r-oldrel-macos-arm64, r-oldrel-macos-x86_64