Last updated on 2022-08-18 04:56:27 CEST.
Flavor | Version | Tinstall | Tcheck | Ttotal | Status | Flags |
---|---|---|---|---|---|---|
r-devel-linux-x86_64-debian-clang | 1.0.1 | 7.46 | 68.42 | 75.88 | OK | |
r-devel-linux-x86_64-debian-gcc | 1.0.1 | 7.73 | 52.90 | 60.63 | OK | |
r-devel-linux-x86_64-fedora-clang | 1.0.1 | 104.17 | NOTE | |||
r-devel-linux-x86_64-fedora-gcc | 1.0.1 | 101.17 | NOTE | |||
r-devel-windows-x86_64 | 1.0.1 | 15.00 | 88.00 | 103.00 | OK | |
r-patched-linux-x86_64 | 1.0.1 | 9.31 | 65.54 | 74.85 | OK | |
r-release-linux-x86_64 | 1.0.1 | 9.58 | 65.59 | 75.17 | OK | |
r-release-macos-arm64 | 1.0.1 | 33.00 | NOTE | |||
r-release-macos-x86_64 | 1.0.1 | 45.00 | NOTE | |||
r-release-windows-x86_64 | 1.0.1 | 14.00 | 92.00 | 106.00 | OK | |
r-oldrel-macos-arm64 | 1.0.1 | 34.00 | NOTE | |||
r-oldrel-macos-x86_64 | 1.0.1 | 48.00 | NOTE | |||
r-oldrel-windows-ix86+x86_64 | 1.0.1 | 21.00 | 115.00 | 136.00 | OK |
Version: 1.0.1
Check: dependencies in R code
Result: NOTE
Namespace in Imports field not imported from: ‘Rcpp’
All declared Imports should be used.
Flavors: r-devel-linux-x86_64-fedora-clang, r-devel-linux-x86_64-fedora-gcc, r-release-macos-arm64, r-release-macos-x86_64, r-oldrel-macos-arm64, r-oldrel-macos-x86_64