Last updated on 2023-10-01 05:05:44 CEST.
Flavor | Version | Tinstall | Tcheck | Ttotal | Status | Flags |
---|---|---|---|---|---|---|
r-devel-linux-x86_64-debian-clang | 2.2.2 | 29.90 | 640.75 | 670.65 | NOTE | |
r-devel-linux-x86_64-debian-gcc | 2.2.2 | 27.60 | 453.44 | 481.04 | NOTE | |
r-devel-linux-x86_64-fedora-clang | 2.2.2 | 490.41 | NOTE | |||
r-devel-linux-x86_64-fedora-gcc | 2.2.2 | 866.83 | NOTE | |||
r-devel-windows-x86_64 | 2.2.2 | 34.00 | 488.00 | 522.00 | NOTE | |
r-patched-linux-x86_64 | 2.2.2 | 33.74 | 607.72 | 641.46 | OK | |
r-release-linux-x86_64 | 2.2.2 | 33.15 | 602.66 | 635.81 | OK | |
r-release-macos-arm64 | 2.2.2 | 219.00 | NOTE | |||
r-release-macos-x86_64 | 2.2.2 | 413.00 | NOTE | |||
r-release-windows-x86_64 | 2.2.2 | 42.00 | 626.00 | 668.00 | NOTE | |
r-oldrel-macos-arm64 | 2.2.2 | 191.00 | NOTE | |||
r-oldrel-macos-x86_64 | 2.2.2 | 266.00 | NOTE | |||
r-oldrel-windows-x86_64 | 2.2.2 | 41.00 | 596.00 | 637.00 | NOTE |
Version: 2.2.2
Check: Rd metadata
Result: NOTE
Invalid package aliases in Rd file 'httkpop.Rd':
‘httkpop-package’
Flavors: r-devel-linux-x86_64-debian-clang, r-devel-linux-x86_64-debian-gcc, r-devel-linux-x86_64-fedora-clang, r-devel-linux-x86_64-fedora-gcc, r-devel-windows-x86_64
Version: 2.2.2
Check: installed package size
Result: NOTE
installed size is 5.8Mb
sub-directories of 1Mb or more:
data 1.6Mb
doc 2.1Mb
help 1.0Mb
Flavors: r-devel-linux-x86_64-fedora-clang, r-devel-windows-x86_64, r-release-macos-arm64, r-release-macos-x86_64, r-release-windows-x86_64, r-oldrel-macos-arm64, r-oldrel-macos-x86_64, r-oldrel-windows-x86_64