CRAN Package Check Results for Package httptest

Last updated on 2022-10-03 04:59:29 CEST.

Flavor Version Tinstall Tcheck Ttotal Status Flags
r-devel-linux-x86_64-debian-clang 4.1.0 4.60 65.48 70.08 OK
r-devel-linux-x86_64-debian-gcc 4.1.0 3.52 49.20 52.72 OK
r-devel-linux-x86_64-fedora-clang 4.1.0 97.69 OK
r-devel-linux-x86_64-fedora-gcc 4.1.0 96.56 OK
r-devel-windows-x86_64 4.1.0 60.00 118.00 178.00 OK
r-patched-linux-x86_64 4.1.0 4.45 61.65 66.10 OK
r-release-linux-x86_64 4.1.0 3.63 61.04 64.67 OK
r-release-macos-arm64 4.1.0 33.00 OK
r-release-macos-x86_64 4.1.0 67.00 OK
r-release-windows-x86_64 4.1.0 47.00 113.00 160.00 OK
r-oldrel-macos-arm64 4.1.0 32.00 OK
r-oldrel-macos-x86_64 4.1.0 40.00 OK
r-oldrel-windows-ix86+x86_64 4.1.0 10.00 110.00 120.00 WARN

Check Details

Version: 4.1.0
Check: for unstated dependencies in ‘tests’
Result: WARN
    Warning: unable to access index for repository https://bioconductor.org/packages/3.14/bioc/src/contrib:
     cannot open URL 'https://bioconductor.org/packages/3.14/bioc/src/contrib/PACKAGES'
    Warning: unable to access index for repository https://bioconductor.org/packages/3.14/data/annotation/src/contrib:
     cannot open URL 'https://bioconductor.org/packages/3.14/data/annotation/src/contrib/PACKAGES'
    Warning: unable to access index for repository https://bioconductor.org/packages/3.14/data/experiment/src/contrib:
     cannot open URL 'https://bioconductor.org/packages/3.14/data/experiment/src/contrib/PACKAGES'
Flavor: r-oldrel-windows-ix86+x86_64