CRAN Package Check Results for Package httpuv

Last updated on 2022-10-03 04:59:29 CEST.

Flavor Version Tinstall Tcheck Ttotal Status Flags
r-devel-linux-x86_64-debian-clang 1.6.6 212.33 47.08 259.41 NOTE
r-devel-linux-x86_64-debian-gcc 1.6.6 161.64 36.83 198.47 NOTE
r-devel-linux-x86_64-fedora-clang 1.6.6 439.20 NOTE
r-devel-linux-x86_64-fedora-gcc 1.6.6 386.90 NOTE
r-devel-windows-x86_64 1.6.6 266.00 108.00 374.00 NOTE
r-patched-linux-x86_64 1.6.6 177.80 44.45 222.25 NOTE
r-release-linux-x86_64 1.6.6 174.60 45.08 219.68 NOTE
r-release-macos-arm64 1.6.6 152.00 NOTE
r-release-macos-x86_64 1.6.6 193.00 NOTE
r-release-windows-x86_64 1.6.6 266.00 112.00 378.00 NOTE
r-oldrel-macos-arm64 1.6.6 136.00 NOTE
r-oldrel-macos-x86_64 1.6.6 192.00 NOTE
r-oldrel-windows-ix86+x86_64 1.6.6 584.00 107.00 691.00 NOTE

Check Details

Version: 1.6.6
Check: for GNU extensions in Makefiles
Result: NOTE
    GNU make is a SystemRequirements.
Flavors: r-devel-linux-x86_64-debian-clang, r-devel-linux-x86_64-debian-gcc, r-devel-linux-x86_64-fedora-clang, r-devel-linux-x86_64-fedora-gcc, r-devel-windows-x86_64, r-patched-linux-x86_64, r-release-linux-x86_64, r-release-macos-arm64, r-release-macos-x86_64, r-release-windows-x86_64, r-oldrel-macos-arm64, r-oldrel-macos-x86_64, r-oldrel-windows-ix86+x86_64

Version: 1.6.6
Check: installed package size
Result: NOTE
     installed size is 9.5Mb
     sub-directories of 1Mb or more:
     libs 9.1Mb
Flavors: r-release-macos-arm64, r-release-macos-x86_64, r-oldrel-macos-arm64, r-oldrel-macos-x86_64