Last updated on 2022-08-09 04:52:22 CEST.
Flavor | Version | Tinstall | Tcheck | Ttotal | Status | Flags |
---|---|---|---|---|---|---|
r-devel-linux-x86_64-debian-clang | 1.3.5 | 89.12 | 145.52 | 234.64 | OK | |
r-devel-linux-x86_64-debian-gcc | 1.3.5 | 59.01 | 114.81 | 173.82 | OK | |
r-devel-linux-x86_64-fedora-clang | 1.3.5 | 304.82 | NOTE | |||
r-devel-linux-x86_64-fedora-gcc | 1.3.5 | 280.70 | OK | |||
r-devel-windows-x86_64 | 1.3.5 | 63.00 | 217.00 | 280.00 | OK | |
r-patched-linux-x86_64 | 1.3.5 | 65.85 | 140.50 | 206.35 | OK | |
r-release-linux-x86_64 | 1.3.5 | OK | ||||
r-release-macos-arm64 | 1.3.5 | 78.00 | NOTE | |||
r-release-macos-x86_64 | 1.3.5 | 99.00 | NOTE | |||
r-release-windows-x86_64 | 1.3.5 | 60.00 | 207.00 | 267.00 | OK | |
r-oldrel-macos-arm64 | 1.3.5 | 94.00 | NOTE | |||
r-oldrel-macos-x86_64 | 1.3.5 | 93.00 | NOTE | |||
r-oldrel-windows-ix86+x86_64 | 1.3.5 | 180.00 | 256.00 | 436.00 | OK |
Version: 1.3.5
Check: installed package size
Result: NOTE
installed size is 8.4Mb
sub-directories of 1Mb or more:
libs 6.9Mb
Flavors: r-devel-linux-x86_64-fedora-clang, r-release-macos-arm64, r-release-macos-x86_64, r-oldrel-macos-arm64, r-oldrel-macos-x86_64