CRAN Package Check Results for Package hunspell

Last updated on 2023-06-09 04:53:03 CEST.

Flavor Version Tinstall Tcheck Ttotal Status Flags
r-devel-linux-x86_64-debian-clang 3.0.2 67.61 46.94 114.55 NOTE
r-devel-linux-x86_64-debian-gcc 3.0.2 48.20 41.46 89.66 NOTE
r-devel-linux-x86_64-fedora-clang 3.0.2 187.39 NOTE
r-devel-linux-x86_64-fedora-gcc 3.0.2 184.69 NOTE
r-devel-windows-x86_64 3.0.2 55.00 95.00 150.00 NOTE
r-patched-linux-x86_64 3.0.2 59.81 52.29 112.10 NOTE
r-release-linux-x86_64 3.0.2 59.89 51.61 111.50 NOTE
r-release-macos-arm64 3.0.2 65.00 NOTE
r-release-macos-x86_64 3.0.2 97.00 NOTE
r-release-windows-x86_64 3.0.2 62.00 104.00 166.00 NOTE
r-oldrel-macos-arm64 3.0.2 62.00 NOTE
r-oldrel-macos-x86_64 3.0.2 126.00 NOTE
r-oldrel-windows-x86_64 3.0.2 62.00 105.00 167.00 OK

Check Details

Version: 3.0.2
Check: C++ specification
Result: NOTE
     Specified C++11: please drop specification unless essential
Flavors: r-devel-linux-x86_64-debian-clang, r-devel-linux-x86_64-debian-gcc, r-devel-linux-x86_64-fedora-clang, r-devel-linux-x86_64-fedora-gcc, r-devel-windows-x86_64, r-patched-linux-x86_64, r-release-linux-x86_64, r-release-macos-arm64, r-release-macos-x86_64, r-release-windows-x86_64

Version: 3.0.2
Check: installed package size
Result: NOTE
     installed size is 7.8Mb
     sub-directories of 1Mb or more:
     dict 1.5Mb
     libs 5.3Mb
Flavors: r-release-macos-arm64, r-release-macos-x86_64, r-oldrel-macos-arm64, r-oldrel-macos-x86_64