CRAN Package Check Results for Package hunspell

Last updated on 2022-07-02 04:56:04 CEST.

Flavor Version Tinstall Tcheck Ttotal Status Flags
r-devel-linux-x86_64-debian-clang 3.0.1 66.37 46.85 113.22 OK
r-devel-linux-x86_64-debian-gcc 3.0.1 57.02 40.98 98.00 OK
r-devel-linux-x86_64-fedora-clang 3.0.1 185.59 NOTE
r-devel-linux-x86_64-fedora-gcc 3.0.1 163.01 OK
r-devel-windows-x86_64 3.0.1 71.00 125.00 196.00 OK
r-patched-linux-x86_64 3.0.1 60.23 52.40 112.63 OK
r-release-linux-x86_64 3.0.1 59.15 51.75 110.90 OK
r-release-macos-arm64 3.0.1 57.00 NOTE
r-release-macos-x86_64 3.0.1 72.00 NOTE
r-release-windows-x86_64 3.0.1 78.00 118.00 196.00 OK
r-oldrel-macos-arm64 3.0.1 66.00 NOTE
r-oldrel-macos-x86_64 3.0.1 110.00 NOTE
r-oldrel-windows-ix86+x86_64 3.0.1 156.00 135.00 291.00 NOTE

Check Details

Version: 3.0.1
Check: installed package size
Result: NOTE
     installed size is 6.5Mb
     sub-directories of 1Mb or more:
     dict 1.5Mb
     doc 1.2Mb
     libs 3.7Mb
Flavors: r-devel-linux-x86_64-fedora-clang, r-release-macos-arm64, r-release-macos-x86_64, r-oldrel-macos-arm64, r-oldrel-macos-x86_64, r-oldrel-windows-ix86+x86_64

Version: 3.0.1
Check: package dependencies
Result: NOTE
    Package suggested but not available for checking: ‘pdftools’
Flavor: r-release-macos-x86_64