CRAN Package Check Results for Package hwsdr

Last updated on 2023-12-09 04:01:55 CET.

Flavor Version Tinstall Tcheck Ttotal Status Flags
r-devel-linux-x86_64-debian-clang 1.1 7.36 66.67 74.03 NOTE
r-devel-linux-x86_64-debian-gcc 1.1 5.94 49.52 55.46 NOTE
r-devel-linux-x86_64-fedora-clang 1.1 92.43 NOTE
r-devel-linux-x86_64-fedora-gcc 1.1 103.23 NOTE
r-devel-windows-x86_64 1.1 8.00 65.00 73.00 OK
r-patched-linux-x86_64 1.1 6.33 64.33 70.66 OK
r-release-linux-x86_64 1.1 7.04 62.49 69.53 OK
r-release-macos-arm64 1.1 43.00 OK
r-release-macos-x86_64 1.1 112.00 OK
r-release-windows-x86_64 1.1 9.00 78.00 87.00 OK
r-oldrel-macos-arm64 1.1 38.00 OK
r-oldrel-macos-x86_64 1.1 44.00 OK
r-oldrel-windows-x86_64 1.1 10.00 78.00 88.00 OK

Check Details

Version: 1.1
Check: Rd files
Result: NOTE checkRd: (-1) ws_download.Rd:31: Lost braces; missing escapes or markup? 31 | (while using the {hwsdr} package for HWSD v2.0). | ^ Flavors: r-devel-linux-x86_64-debian-clang, r-devel-linux-x86_64-debian-gcc

Version: 1.1
Check: data for non-ASCII characters
Result: NOTE Note: found 1 marked UTF-8 string Flavors: r-devel-linux-x86_64-fedora-clang, r-devel-linux-x86_64-fedora-gcc