CRAN Package Check Results for Package hydroTSM

Last updated on 2022-07-03 04:49:03 CEST.

Flavor Version Tinstall Tcheck Ttotal Status Flags
r-devel-linux-x86_64-debian-clang 0.6-0 13.54 146.01 159.55 OK
r-devel-linux-x86_64-debian-gcc 0.6-0 12.87 110.14 123.01 OK
r-devel-linux-x86_64-fedora-clang 0.6-0 196.75 NOTE
r-devel-linux-x86_64-fedora-gcc 0.6-0 194.38 OK
r-devel-windows-x86_64 0.6-0 49.00 237.00 286.00 OK
r-patched-linux-x86_64 0.6-0 18.45 135.44 153.89 OK
r-release-linux-x86_64 0.6-0 15.21 137.11 152.32 OK
r-release-macos-arm64 0.6-0 49.00 OK
r-release-macos-x86_64 0.6-0 102.00 OK
r-release-windows-x86_64 0.6-0 44.00 248.00 292.00 OK
r-oldrel-macos-arm64 0.6-0 58.00 OK
r-oldrel-macos-x86_64 0.6-0 92.00 OK
r-oldrel-windows-ix86+x86_64 0.6-0 42.00 210.00 252.00 OK

Check Details

Version: 0.6-0
Check: Rd cross-references
Result: NOTE
    Undeclared package ‘rgdal’ in Rd xrefs
Flavor: r-devel-linux-x86_64-fedora-clang