CRAN Package Check Results for Package hydrorecipes

Last updated on 2022-12-03 03:57:11 CET.

Flavor Version Tinstall Tcheck Ttotal Status Flags
r-devel-linux-x86_64-debian-clang 0.0.3 46.75 198.25 245.00 ERROR
r-devel-linux-x86_64-debian-gcc 0.0.3 37.03 145.85 182.88 ERROR
r-devel-linux-x86_64-fedora-clang 0.0.3 322.46 ERROR
r-devel-linux-x86_64-fedora-gcc 0.0.3 320.85 ERROR
r-devel-windows-x86_64 0.0.3 80.00 225.00 305.00 ERROR
r-patched-linux-x86_64 0.0.3 47.14 183.51 230.65 ERROR
r-release-linux-x86_64 0.0.3 38.01 190.89 228.90 ERROR
r-release-macos-arm64 0.0.3 77.00 OK
r-release-macos-x86_64 0.0.3 455.00 OK
r-release-windows-x86_64 0.0.3 74.00 228.00 302.00 ERROR
r-oldrel-macos-arm64 0.0.3 71.00 OK
r-oldrel-macos-x86_64 0.0.3 109.00 OK
r-oldrel-windows-ix86+x86_64 0.0.3 128.00 273.00 401.00 ERROR

Check Details

Version: 0.0.3
Check: tests
Result: ERROR
     Running 'testthat.R' [29s/28s]
    Running the tests in 'tests/testthat.R' failed.
    Complete output:
     > # This file is part of the standard setup for testthat.
     > # It is recommended that you do not modify it.
     > #
     > # Where should you do additional test configuration?
     > # Learn more about the roles of various files in:
     > # * https://r-pkgs.org/tests.html
     > # * https://testthat.r-lib.org/reference/test_package.html#special-files
     >
     > library(testthat)
     > library(hydrorecipes)
     Loading required package: recipes
     Loading required package: dplyr
    
     Attaching package: 'dplyr'
    
     The following object is masked from 'package:testthat':
    
     matches
    
     The following objects are masked from 'package:stats':
    
     filter, lag
    
     The following objects are masked from 'package:base':
    
     intersect, setdiff, setequal, union
    
    
     Attaching package: 'recipes'
    
     The following object is masked from 'package:stats':
    
     step
    
     >
     > test_check("hydrorecipes")
     Loading required package: Matrix
     Loaded glmnet 4.1-6
     [ FAIL 1 | WARN 0 | SKIP 0 | PASS 99 ]
    
     == Failed tests ================================================================
     -- Error ('test-predict_terms.R:92'): predict_terms works ----------------------
     Error in `glmnet(x, y, weights = weights, offset = offset, lambda = lambda,
     trace.it = trace.it, ...)`: x has missing values; consider using makeX() to impute them
     Backtrace:
     x
     1. \-glmnet::cv.glmnet(x, y) at test-predict_terms.R:92:2
     2. \-glmnet:::cv.glmnet.raw(...)
     3. \-glmnet::glmnet(...)
    
     [ FAIL 1 | WARN 0 | SKIP 0 | PASS 99 ]
     Error: Test failures
     Execution halted
Flavor: r-devel-linux-x86_64-debian-clang

Version: 0.0.3
Check: tests
Result: ERROR
     Running ‘testthat.R’ [21s/27s]
    Running the tests in ‘tests/testthat.R’ failed.
    Complete output:
     > # This file is part of the standard setup for testthat.
     > # It is recommended that you do not modify it.
     > #
     > # Where should you do additional test configuration?
     > # Learn more about the roles of various files in:
     > # * https://r-pkgs.org/tests.html
     > # * https://testthat.r-lib.org/reference/test_package.html#special-files
     >
     > library(testthat)
     > library(hydrorecipes)
     Loading required package: recipes
     Loading required package: dplyr
    
     Attaching package: 'dplyr'
    
     The following object is masked from 'package:testthat':
    
     matches
    
     The following objects are masked from 'package:stats':
    
     filter, lag
    
     The following objects are masked from 'package:base':
    
     intersect, setdiff, setequal, union
    
    
     Attaching package: 'recipes'
    
     The following object is masked from 'package:stats':
    
     step
    
     >
     > test_check("hydrorecipes")
     Loading required package: Matrix
     Loaded glmnet 4.1-6
     [ FAIL 1 | WARN 0 | SKIP 0 | PASS 99 ]
    
     ══ Failed tests ════════════════════════════════════════════════════════════════
     ── Error ('test-predict_terms.R:92'): predict_terms works ──────────────────────
     Error in `glmnet(x, y, weights = weights, offset = offset, lambda = lambda,
     trace.it = trace.it, ...)`: x has missing values; consider using makeX() to impute them
     Backtrace:
     ▆
     1. └─glmnet::cv.glmnet(x, y) at test-predict_terms.R:92:2
     2. └─glmnet:::cv.glmnet.raw(...)
     3. └─glmnet::glmnet(...)
    
     [ FAIL 1 | WARN 0 | SKIP 0 | PASS 99 ]
     Error: Test failures
     Execution halted
Flavor: r-devel-linux-x86_64-debian-gcc

Version: 0.0.3
Check: tests
Result: ERROR
     Running ‘testthat.R’ [34s/40s]
    Running the tests in ‘tests/testthat.R’ failed.
    Complete output:
     > # This file is part of the standard setup for testthat.
     > # It is recommended that you do not modify it.
     > #
     > # Where should you do additional test configuration?
     > # Learn more about the roles of various files in:
     > # * https://r-pkgs.org/tests.html
     > # * https://testthat.r-lib.org/reference/test_package.html#special-files
     >
     > library(testthat)
     > library(hydrorecipes)
     Loading required package: recipes
     Loading required package: dplyr
    
     Attaching package: 'dplyr'
    
     The following object is masked from 'package:testthat':
    
     matches
    
     The following objects are masked from 'package:stats':
    
     filter, lag
    
     The following objects are masked from 'package:base':
    
     intersect, setdiff, setequal, union
    
    
     Attaching package: 'recipes'
    
     The following object is masked from 'package:stats':
    
     step
    
     >
     > test_check("hydrorecipes")
     Loading required package: Matrix
     Loaded glmnet 4.1-6
     [ FAIL 1 | WARN 0 | SKIP 0 | PASS 99 ]
    
     ══ Failed tests ════════════════════════════════════════════════════════════════
     ── Error ('test-predict_terms.R:92'): predict_terms works ──────────────────────
     Error in `glmnet(x, y, weights = weights, offset = offset, lambda = lambda,
     trace.it = trace.it, ...)`: x has missing values; consider using makeX() to impute them
     Backtrace:
     ▆
     1. └─glmnet::cv.glmnet(x, y) at test-predict_terms.R:92:2
     2. └─glmnet:::cv.glmnet.raw(...)
     3. └─glmnet::glmnet(...)
    
     [ FAIL 1 | WARN 0 | SKIP 0 | PASS 99 ]
     Error: Test failures
     Execution halted
Flavor: r-devel-linux-x86_64-fedora-clang

Version: 0.0.3
Check: tests
Result: ERROR
     Running ‘testthat.R’ [36s/26s]
    Running the tests in ‘tests/testthat.R’ failed.
    Complete output:
     > # This file is part of the standard setup for testthat.
     > # It is recommended that you do not modify it.
     > #
     > # Where should you do additional test configuration?
     > # Learn more about the roles of various files in:
     > # * https://r-pkgs.org/tests.html
     > # * https://testthat.r-lib.org/reference/test_package.html#special-files
     >
     > library(testthat)
     > library(hydrorecipes)
     Loading required package: recipes
     Loading required package: dplyr
    
     Attaching package: 'dplyr'
    
     The following object is masked from 'package:testthat':
    
     matches
    
     The following objects are masked from 'package:stats':
    
     filter, lag
    
     The following objects are masked from 'package:base':
    
     intersect, setdiff, setequal, union
    
    
     Attaching package: 'recipes'
    
     The following object is masked from 'package:stats':
    
     step
    
     >
     > test_check("hydrorecipes")
     Loading required package: Matrix
     Loaded glmnet 4.1-6
     [ FAIL 1 | WARN 0 | SKIP 0 | PASS 99 ]
    
     ══ Failed tests ════════════════════════════════════════════════════════════════
     ── Error ('test-predict_terms.R:92'): predict_terms works ──────────────────────
     Error in `glmnet(x, y, weights = weights, offset = offset, lambda = lambda,
     trace.it = trace.it, ...)`: x has missing values; consider using makeX() to impute them
     Backtrace:
     ▆
     1. └─glmnet::cv.glmnet(x, y) at test-predict_terms.R:92:2
     2. └─glmnet:::cv.glmnet.raw(...)
     3. └─glmnet::glmnet(...)
    
     [ FAIL 1 | WARN 0 | SKIP 0 | PASS 99 ]
     Error: Test failures
     Execution halted
Flavor: r-devel-linux-x86_64-fedora-gcc

Version: 0.0.3
Check: tests
Result: ERROR
     Running 'testthat.R' [19s]
    Running the tests in 'tests/testthat.R' failed.
    Complete output:
     > # This file is part of the standard setup for testthat.
     > # It is recommended that you do not modify it.
     > #
     > # Where should you do additional test configuration?
     > # Learn more about the roles of various files in:
     > # * https://r-pkgs.org/tests.html
     > # * https://testthat.r-lib.org/reference/test_package.html#special-files
     >
     > library(testthat)
     > library(hydrorecipes)
     Loading required package: recipes
     Loading required package: dplyr
    
     Attaching package: 'dplyr'
    
     The following object is masked from 'package:testthat':
    
     matches
    
     The following objects are masked from 'package:stats':
    
     filter, lag
    
     The following objects are masked from 'package:base':
    
     intersect, setdiff, setequal, union
    
    
     Attaching package: 'recipes'
    
     The following object is masked from 'package:stats':
    
     step
    
     >
     > test_check("hydrorecipes")
     Loading required package: Matrix
     Loaded glmnet 4.1-6
     [ FAIL 1 | WARN 0 | SKIP 0 | PASS 99 ]
    
     ══ Failed tests ════════════════════════════════════════════════════════════════
     ── Error ('test-predict_terms.R:92'): predict_terms works ──────────────────────
     Error in `glmnet(x, y, weights = weights, offset = offset, lambda = lambda,
     trace.it = trace.it, ...)`: x has missing values; consider using makeX() to impute them
     Backtrace:
     ▆
     1. └─glmnet::cv.glmnet(x, y) at test-predict_terms.R:92:2
     2. └─glmnet:::cv.glmnet.raw(...)
     3. └─glmnet::glmnet(...)
    
     [ FAIL 1 | WARN 0 | SKIP 0 | PASS 99 ]
     Error: Test failures
     Execution halted
Flavor: r-devel-windows-x86_64

Version: 0.0.3
Check: tests
Result: ERROR
     Running ‘testthat.R’ [27s/23s]
    Running the tests in ‘tests/testthat.R’ failed.
    Complete output:
     > # This file is part of the standard setup for testthat.
     > # It is recommended that you do not modify it.
     > #
     > # Where should you do additional test configuration?
     > # Learn more about the roles of various files in:
     > # * https://r-pkgs.org/tests.html
     > # * https://testthat.r-lib.org/reference/test_package.html#special-files
     >
     > library(testthat)
     > library(hydrorecipes)
     Loading required package: recipes
     Loading required package: dplyr
    
     Attaching package: 'dplyr'
    
     The following object is masked from 'package:testthat':
    
     matches
    
     The following objects are masked from 'package:stats':
    
     filter, lag
    
     The following objects are masked from 'package:base':
    
     intersect, setdiff, setequal, union
    
    
     Attaching package: 'recipes'
    
     The following object is masked from 'package:stats':
    
     step
    
     >
     > test_check("hydrorecipes")
     Loading required package: Matrix
     Loaded glmnet 4.1-6
     [ FAIL 1 | WARN 0 | SKIP 0 | PASS 99 ]
    
     ══ Failed tests ════════════════════════════════════════════════════════════════
     ── Error ('test-predict_terms.R:92'): predict_terms works ──────────────────────
     Error in `glmnet(x, y, weights = weights, offset = offset, lambda = lambda,
     trace.it = trace.it, ...)`: x has missing values; consider using makeX() to impute them
     Backtrace:
     ▆
     1. └─glmnet::cv.glmnet(x, y) at test-predict_terms.R:92:2
     2. └─glmnet:::cv.glmnet.raw(...)
     3. └─glmnet::glmnet(...)
    
     [ FAIL 1 | WARN 0 | SKIP 0 | PASS 99 ]
     Error: Test failures
     Execution halted
Flavor: r-patched-linux-x86_64

Version: 0.0.3
Check: tests
Result: ERROR
     Running ‘testthat.R’ [28s/23s]
    Running the tests in ‘tests/testthat.R’ failed.
    Complete output:
     > # This file is part of the standard setup for testthat.
     > # It is recommended that you do not modify it.
     > #
     > # Where should you do additional test configuration?
     > # Learn more about the roles of various files in:
     > # * https://r-pkgs.org/tests.html
     > # * https://testthat.r-lib.org/reference/test_package.html#special-files
     >
     > library(testthat)
     > library(hydrorecipes)
     Loading required package: recipes
     Loading required package: dplyr
    
     Attaching package: 'dplyr'
    
     The following object is masked from 'package:testthat':
    
     matches
    
     The following objects are masked from 'package:stats':
    
     filter, lag
    
     The following objects are masked from 'package:base':
    
     intersect, setdiff, setequal, union
    
    
     Attaching package: 'recipes'
    
     The following object is masked from 'package:stats':
    
     step
    
     >
     > test_check("hydrorecipes")
     Loading required package: Matrix
     Loaded glmnet 4.1-6
     [ FAIL 1 | WARN 0 | SKIP 0 | PASS 99 ]
    
     ══ Failed tests ════════════════════════════════════════════════════════════════
     ── Error ('test-predict_terms.R:92'): predict_terms works ──────────────────────
     Error in `glmnet(x, y, weights = weights, offset = offset, lambda = lambda,
     trace.it = trace.it, ...)`: x has missing values; consider using makeX() to impute them
     Backtrace:
     ▆
     1. └─glmnet::cv.glmnet(x, y) at test-predict_terms.R:92:2
     2. └─glmnet:::cv.glmnet.raw(...)
     3. └─glmnet::glmnet(...)
    
     [ FAIL 1 | WARN 0 | SKIP 0 | PASS 99 ]
     Error: Test failures
     Execution halted
Flavor: r-release-linux-x86_64

Version: 0.0.3
Check: tests
Result: ERROR
     Running 'testthat.R' [20s]
    Running the tests in 'tests/testthat.R' failed.
    Complete output:
     > # This file is part of the standard setup for testthat.
     > # It is recommended that you do not modify it.
     > #
     > # Where should you do additional test configuration?
     > # Learn more about the roles of various files in:
     > # * https://r-pkgs.org/tests.html
     > # * https://testthat.r-lib.org/reference/test_package.html#special-files
     >
     > library(testthat)
     > library(hydrorecipes)
     Loading required package: recipes
     Loading required package: dplyr
    
     Attaching package: 'dplyr'
    
     The following object is masked from 'package:testthat':
    
     matches
    
     The following objects are masked from 'package:stats':
    
     filter, lag
    
     The following objects are masked from 'package:base':
    
     intersect, setdiff, setequal, union
    
    
     Attaching package: 'recipes'
    
     The following object is masked from 'package:stats':
    
     step
    
     >
     > test_check("hydrorecipes")
     Loading required package: Matrix
     Loaded glmnet 4.1-6
     [ FAIL 1 | WARN 0 | SKIP 0 | PASS 99 ]
    
     ══ Failed tests ════════════════════════════════════════════════════════════════
     ── Error ('test-predict_terms.R:92'): predict_terms works ──────────────────────
     Error in `glmnet(x, y, weights = weights, offset = offset, lambda = lambda,
     trace.it = trace.it, ...)`: x has missing values; consider using makeX() to impute them
     Backtrace:
     ▆
     1. └─glmnet::cv.glmnet(x, y) at test-predict_terms.R:92:2
     2. └─glmnet:::cv.glmnet.raw(...)
     3. └─glmnet::glmnet(...)
    
     [ FAIL 1 | WARN 0 | SKIP 0 | PASS 99 ]
     Error: Test failures
     Execution halted
Flavor: r-release-windows-x86_64

Version: 0.0.3
Check: running tests for arch ‘i386’
Result: ERROR
     Running 'testthat.R' [18s]
    Running the tests in 'tests/testthat.R' failed.
    Complete output:
     > # This file is part of the standard setup for testthat.
     > # It is recommended that you do not modify it.
     > #
     > # Where should you do additional test configuration?
     > # Learn more about the roles of various files in:
     > # * https://r-pkgs.org/tests.html
     > # * https://testthat.r-lib.org/reference/test_package.html#special-files
     >
     > library(testthat)
     > library(hydrorecipes)
     Loading required package: recipes
     Loading required package: dplyr
    
     Attaching package: 'dplyr'
    
     The following object is masked from 'package:testthat':
    
     matches
    
     The following objects are masked from 'package:stats':
    
     filter, lag
    
     The following objects are masked from 'package:base':
    
     intersect, setdiff, setequal, union
    
    
     Attaching package: 'recipes'
    
     The following object is masked from 'package:stats':
    
     step
    
     >
     > test_check("hydrorecipes")
     Loading required package: Matrix
     Loaded glmnet 4.1-6
     [ FAIL 1 | WARN 0 | SKIP 0 | PASS 99 ]
    
     == Failed tests ================================================================
     -- Error ('test-predict_terms.R:92'): predict_terms works ----------------------
     Error in `glmnet(x, y, weights = weights, offset = offset, lambda = lambda,
     trace.it = trace.it, ...)`: x has missing values; consider using makeX() to impute them
     Backtrace:
     x
     1. \-glmnet::cv.glmnet(x, y) at test-predict_terms.R:92:2
     2. \-glmnet:::cv.glmnet.raw(...)
     3. \-glmnet::glmnet(...)
    
     [ FAIL 1 | WARN 0 | SKIP 0 | PASS 99 ]
     Error: Test failures
     Execution halted
Flavor: r-oldrel-windows-ix86+x86_64

Version: 0.0.3
Check: running tests for arch ‘x64’
Result: ERROR
     Running 'testthat.R' [19s]
    Running the tests in 'tests/testthat.R' failed.
    Complete output:
     > # This file is part of the standard setup for testthat.
     > # It is recommended that you do not modify it.
     > #
     > # Where should you do additional test configuration?
     > # Learn more about the roles of various files in:
     > # * https://r-pkgs.org/tests.html
     > # * https://testthat.r-lib.org/reference/test_package.html#special-files
     >
     > library(testthat)
     > library(hydrorecipes)
     Loading required package: recipes
     Loading required package: dplyr
    
     Attaching package: 'dplyr'
    
     The following object is masked from 'package:testthat':
    
     matches
    
     The following objects are masked from 'package:stats':
    
     filter, lag
    
     The following objects are masked from 'package:base':
    
     intersect, setdiff, setequal, union
    
    
     Attaching package: 'recipes'
    
     The following object is masked from 'package:stats':
    
     step
    
     >
     > test_check("hydrorecipes")
     Loading required package: Matrix
     Loaded glmnet 4.1-6
     [ FAIL 1 | WARN 0 | SKIP 0 | PASS 99 ]
    
     == Failed tests ================================================================
     -- Error ('test-predict_terms.R:92'): predict_terms works ----------------------
     Error in `glmnet(x, y, weights = weights, offset = offset, lambda = lambda,
     trace.it = trace.it, ...)`: x has missing values; consider using makeX() to impute them
     Backtrace:
     x
     1. \-glmnet::cv.glmnet(x, y) at test-predict_terms.R:92:2
     2. \-glmnet:::cv.glmnet.raw(...)
     3. \-glmnet::glmnet(...)
    
     [ FAIL 1 | WARN 0 | SKIP 0 | PASS 99 ]
     Error: Test failures
     Execution halted
Flavor: r-oldrel-windows-ix86+x86_64