CRAN Package Check Results for Package hypothesisr

Last updated on 2022-08-13 04:57:49 CEST.

Flavor Version Tinstall Tcheck Ttotal Status Flags
r-devel-linux-x86_64-debian-clang 0.1.1 2.09 28.50 30.59 NOTE
r-devel-linux-x86_64-debian-gcc 0.1.1 1.56 22.39 23.95 NOTE
r-devel-linux-x86_64-fedora-clang 0.1.1 48.03 NOTE
r-devel-linux-x86_64-fedora-gcc 0.1.1 47.39 NOTE
r-devel-windows-x86_64 0.1.1 21.00 59.00 80.00 NOTE
r-patched-linux-x86_64 0.1.1 2.16 27.60 29.76 NOTE
r-release-linux-x86_64 0.1.1 2.29 27.76 30.05 NOTE
r-release-macos-arm64 0.1.1 19.00 NOTE
r-release-macos-x86_64 0.1.1 30.00 NOTE
r-release-windows-x86_64 0.1.1 27.00 64.00 91.00 NOTE
r-oldrel-macos-arm64 0.1.1 28.00 NOTE
r-oldrel-macos-x86_64 0.1.1 29.00 NOTE
r-oldrel-windows-ix86+x86_64 0.1.1 5.00 51.00 56.00 NOTE

Check Details

Version: 0.1.1
Check: LazyData
Result: NOTE
     'LazyData' is specified without a 'data' directory
Flavors: r-devel-linux-x86_64-debian-clang, r-devel-linux-x86_64-debian-gcc, r-devel-linux-x86_64-fedora-clang, r-devel-linux-x86_64-fedora-gcc, r-devel-windows-x86_64, r-patched-linux-x86_64, r-release-linux-x86_64, r-release-macos-arm64, r-release-macos-x86_64, r-release-windows-x86_64, r-oldrel-macos-arm64, r-oldrel-macos-x86_64, r-oldrel-windows-ix86+x86_64