Last updated on 2023-03-29 04:51:13 CEST.
Flavor | Version | Tinstall | Tcheck | Ttotal | Status | Flags |
---|---|---|---|---|---|---|
r-devel-linux-x86_64-debian-clang | 0.0.2 | 3.14 | 30.60 | 33.74 | OK | |
r-devel-linux-x86_64-debian-gcc | 0.0.2 | 2.29 | 24.68 | 26.97 | OK | |
r-devel-linux-x86_64-fedora-clang | 0.0.2 | 43.47 | NOTE | |||
r-devel-linux-x86_64-fedora-gcc | 0.0.2 | 41.41 | NOTE | |||
r-devel-windows-x86_64 | 0.0.2 | 15.00 | 0.00 | 15.00 | OK | |
r-patched-linux-x86_64 | 0.0.2 | 2.55 | 31.31 | 33.86 | OK | |
r-release-linux-x86_64 | 0.0.2 | 3.02 | 32.74 | 35.76 | OK | |
r-release-macos-arm64 | 0.0.2 | 19.00 | NOTE | |||
r-release-macos-x86_64 | 0.0.2 | 30.00 | NOTE | |||
r-release-windows-x86_64 | 0.0.2 | 22.00 | 75.00 | 97.00 | OK | |
r-oldrel-macos-arm64 | 0.0.2 | 23.00 | NOTE | |||
r-oldrel-macos-x86_64 | 0.0.2 | 26.00 | NOTE | |||
r-oldrel-windows-ix86+x86_64 | 0.0.2 | 7.00 | 65.00 | 72.00 | OK |
Version: 0.0.2
Check: data for non-ASCII characters
Result: NOTE
Note: found 359 marked UTF-8 strings
Flavors: r-devel-linux-x86_64-fedora-clang, r-devel-linux-x86_64-fedora-gcc, r-release-macos-arm64, r-release-macos-x86_64, r-oldrel-macos-arm64, r-oldrel-macos-x86_64