CRAN Package Check Results for Package icecream

Last updated on 2024-05-21 05:00:50 CEST.

Flavor Version Tinstall Tcheck Ttotal Status Flags
r-devel-linux-x86_64-debian-clang 0.2.2 2.51 27.19 29.70 OK
r-devel-linux-x86_64-debian-gcc 0.2.2 1.66 20.93 22.59 OK
r-devel-linux-x86_64-fedora-clang 0.2.2 37.32 NOTE
r-devel-linux-x86_64-fedora-gcc 0.2.2 35.41 OK
r-devel-windows-x86_64 0.2.2 3.00 43.00 46.00 OK
r-patched-linux-x86_64 0.2.2 2.19 26.36 28.55 OK
r-release-linux-x86_64 0.2.2 2.18 26.08 28.26 OK
r-release-macos-arm64 0.2.2 15.00 OK
r-release-macos-x86_64 0.2.2 38.00 OK
r-release-windows-x86_64 0.2.2 4.00 44.00 48.00 OK
r-oldrel-macos-arm64 0.2.2 21.00 OK
r-oldrel-macos-x86_64 0.2.2 30.00 OK
r-oldrel-windows-x86_64 0.2.2 4.00 47.00 51.00 OK

Check Details

Version: 0.2.2
Check: Rd cross-references
Result: NOTE Undeclared package ‘tibble’ in Rd xrefs Flavor: r-devel-linux-x86_64-fedora-clang