CRAN Package Check Results for Package iglu

Last updated on 2022-11-29 03:56:13 CET.

Flavor Version Tinstall Tcheck Ttotal Status Flags
r-devel-linux-x86_64-debian-clang 3.4.2 12.99 177.27 190.26 OK
r-devel-linux-x86_64-debian-gcc 3.4.2 8.56 142.83 151.39 OK
r-devel-linux-x86_64-fedora-clang 3.4.2 256.41 OK
r-devel-linux-x86_64-fedora-gcc 3.4.2 267.63 OK
r-devel-windows-x86_64 3.4.2 79.00 244.00 323.00 OK
r-patched-linux-x86_64 3.4.2 18.41 147.28 165.69 OK
r-release-linux-x86_64 3.4.2 11.83 167.42 179.25 OK
r-release-macos-arm64 3.4.2 108.00 OK
r-release-macos-x86_64 3.4.2 99.00 OK
r-release-windows-x86_64 3.3.2 66.00 0.00 66.00 FAIL
r-oldrel-macos-arm64 3.4.2 80.00 OK
r-oldrel-macos-x86_64 3.4.2 104.00 OK
r-oldrel-windows-ix86+x86_64 3.4.2 26.00 216.00 242.00 OK

Check Details

Version: 3.3.2
Check: re-building of vignette outputs
Result: FAIL
    Check process probably crashed or hung up for 20 minutes ... killed
    Most likely this happened in the example checks (?),
    if not, ignore the following last lines of example output:
    > data(example_data_5_subject)
    > summary_glu(example_data_5_subject)
    # A tibble: 5 × 7
    # Groups: id [5]
     id Min. `1st Qu.` Median Mean `3rd Qu.` Max.
     <fct> <dbl> <dbl> <dbl> <dbl> <dbl> <dbl>
    1 Subject 1 66 99 112 124. 143 276
    2 Subject 2 90 179 211 218. 253 400
    3 Subject 3 60 125 140 154. 173 304
    4 Subject 4 50 109 126 130. 149 232
    5 Subject 5 66 134 164 175. 211 398
    >
    >
    >
    >
    > ### * <FOOTER>
    > ###
    > cleanEx()
    > options(digits = 7L)
    > base::cat("Time elapsed: ", proc.time() - base::get("ptime", pos = 'CheckExEnv'),"\n")
    Time elapsed: 1653.38 15.68 1680.72 NA NA
    > grDevices::dev.off()
    null device
     1
    > ###
    > ### Local variables: ***
    > ### mode: outline-minor ***
    > ### outline-regexp: "\\(> \\)?### [*]+" ***
    > ### End: ***
    > quit('no')
    ======== End of example output (where/before crash/hang up occured ?) ========
Flavor: r-release-windows-x86_64