Last updated on 2023-02-01 03:54:18 CET.
Flavor | Version | Tinstall | Tcheck | Ttotal | Status | Flags |
---|---|---|---|---|---|---|
r-devel-linux-x86_64-debian-clang | 0.1 | 2.90 | 35.60 | 38.50 | NOTE | |
r-devel-linux-x86_64-debian-gcc | 0.1 | 2.89 | 28.09 | 30.98 | NOTE | |
r-devel-linux-x86_64-fedora-clang | 0.1 | 49.90 | NOTE | |||
r-devel-linux-x86_64-fedora-gcc | 0.1 | 49.26 | NOTE | |||
r-devel-windows-x86_64 | 0.1 | 11.00 | 66.00 | 77.00 | NOTE | |
r-patched-linux-x86_64 | 0.1 | 3.34 | 37.10 | 40.44 | NOTE | |
r-release-linux-x86_64 | 0.1 | 4.32 | 36.46 | 40.78 | NOTE | |
r-release-macos-arm64 | 0.1 | 22.00 | NOTE | |||
r-release-macos-x86_64 | 0.1 | 37.00 | NOTE | |||
r-release-windows-x86_64 | 0.1 | 17.00 | 74.00 | 91.00 | NOTE | |
r-oldrel-macos-arm64 | 0.1 | 24.00 | NOTE | |||
r-oldrel-macos-x86_64 | 0.1 | 32.00 | NOTE | |||
r-oldrel-windows-ix86+x86_64 | 0.1 | 11.00 | 66.00 | 77.00 | NOTE |
Version: 0.1
Check: LazyData
Result: NOTE
'LazyData' is specified without a 'data' directory
Flavors: r-devel-linux-x86_64-debian-clang, r-devel-linux-x86_64-debian-gcc, r-devel-linux-x86_64-fedora-clang, r-devel-linux-x86_64-fedora-gcc, r-devel-windows-x86_64, r-patched-linux-x86_64, r-release-linux-x86_64, r-release-macos-arm64, r-release-macos-x86_64, r-release-windows-x86_64, r-oldrel-macos-arm64, r-oldrel-macos-x86_64, r-oldrel-windows-ix86+x86_64