CRAN Package Check Results for Package ijtiff

Last updated on 2022-09-30 04:59:11 CEST.

Flavor Version Tinstall Tcheck Ttotal Status Flags
r-devel-linux-x86_64-debian-clang 2.2.8 8.05 62.97 71.02 OK
r-devel-linux-x86_64-debian-gcc 2.2.8 6.84 47.62 54.46 OK
r-devel-linux-x86_64-fedora-clang 2.2.8 98.42 OK
r-devel-linux-x86_64-fedora-gcc 2.2.8 92.63 OK
r-devel-windows-x86_64 2.2.8 47.00 115.00 162.00 OK
r-patched-linux-x86_64 2.2.8 5.67 58.64 64.31 OK
r-release-linux-x86_64 2.2.8 6.78 58.55 65.33 OK
r-release-macos-arm64 2.2.8 37.00 NOTE
r-release-macos-x86_64 2.2.8 45.00 NOTE
r-release-windows-x86_64 2.2.8 51.00 108.00 159.00 OK
r-oldrel-macos-arm64 2.2.8 39.00 NOTE
r-oldrel-macos-x86_64 2.2.8 54.00 NOTE
r-oldrel-windows-ix86+x86_64 2.2.8 26.00 121.00 147.00 OK

Check Details

Version: 2.2.8
Check: installed package size
Result: NOTE
     installed size is 7.1Mb
     sub-directories of 1Mb or more:
     libs 5.2Mb
Flavors: r-release-macos-arm64, r-release-macos-x86_64, r-oldrel-macos-arm64, r-oldrel-macos-x86_64