CRAN Package Check Results for Package immer

Last updated on 2022-09-28 04:51:02 CEST.

Flavor Version Tinstall Tcheck Ttotal Status Flags
r-devel-linux-x86_64-debian-clang 1.4-15 108.46 81.68 190.14 OK
r-devel-linux-x86_64-debian-gcc 1.4-15 82.05 62.40 144.45 OK
r-devel-linux-x86_64-fedora-clang 1.4-15 279.74 OK
r-devel-linux-x86_64-fedora-gcc 1.4-15 251.70 OK
r-devel-windows-x86_64 1.4-15 109.00 135.00 244.00 OK
r-patched-linux-x86_64 1.4-15 88.49 60.93 149.42 OK
r-release-linux-x86_64 1.4-15 87.55 78.95 166.50 OK
r-release-macos-arm64 1.4-15 70.00 NOTE
r-release-macos-x86_64 1.4-15 85.00 NOTE
r-release-windows-x86_64 1.4-15 100.00 136.00 236.00 OK
r-oldrel-macos-arm64 1.4-15 67.00 NOTE
r-oldrel-macos-x86_64 1.4-15 91.00 NOTE
r-oldrel-windows-ix86+x86_64 1.4-15 251.00 137.00 388.00 OK

Check Details

Version: 1.4-15
Check: installed package size
Result: NOTE
     installed size is 5.0Mb
     sub-directories of 1Mb or more:
     libs 4.2Mb
Flavors: r-release-macos-arm64, r-release-macos-x86_64, r-oldrel-macos-arm64, r-oldrel-macos-x86_64