CRAN Package Check Results for Package individual

Last updated on 2022-08-07 04:53:39 CEST.

Flavor Version Tinstall Tcheck Ttotal Status Flags
r-devel-linux-x86_64-debian-clang 0.1.9 156.34 62.92 219.26 NOTE
r-devel-linux-x86_64-debian-gcc 0.1.9 132.89 48.13 181.02 NOTE
r-devel-linux-x86_64-fedora-clang 0.1.9 335.74 NOTE
r-devel-linux-x86_64-fedora-gcc 0.1.9 303.10 OK
r-devel-windows-x86_64 0.1.9 159.00 130.00 289.00 ERROR
r-patched-linux-x86_64 0.1.9 120.13 58.13 178.26 OK
r-release-linux-x86_64 0.1.9 102.24 59.33 161.57 OK
r-release-macos-arm64 0.1.9 81.00 NOTE
r-release-macos-x86_64 0.1.9 109.00 NOTE
r-release-windows-x86_64 0.1.9 161.00 128.00 289.00 OK
r-oldrel-macos-arm64 0.1.9 81.00 NOTE
r-oldrel-macos-x86_64 0.1.9 114.00 NOTE
r-oldrel-windows-ix86+x86_64 0.1.9 394.00 137.00 531.00 NOTE

Additional issues

clang-ASAN gcc-ASAN valgrind

Check Details

Version: 0.1.9
Check: HTML version of manual
Result: NOTE
    Found the following HTML validation problems:
    TargetedEvent.html:80:5: Warning: missing </span> before </li>
    TargetedEvent.html:81:5: Warning: inserting implicit <span>
    TargetedEvent.html:81:5: Warning: missing </span> before </li>
    TargetedEvent.html:82:5: Warning: inserting implicit <span>
    TargetedEvent.html:82:5: Warning: missing </span> before </li>
    TargetedEvent.html:87:1: Warning: inserting implicit <span>
    TargetedEvent.html:87:1: Warning: missing </span> before <h4>
    TargetedEvent.html:91:5: Warning: inserting implicit <span>
    TargetedEvent.html:93:4: Warning: inserting implicit <span>
    TargetedEvent.html:97:1: Warning: inserting implicit <span>
    TargetedEvent.html:97:1: Warning: missing </span> before <h5>
    TargetedEvent.html:97:5: Warning: inserting implicit <span>
    TargetedEvent.html:99:16: Warning: inserting implicit <span>
    TargetedEvent.html:99:16: Warning: missing </span> before <pre>
    TargetedEvent.html:103:5: Warning: inserting implicit <span>
    TargetedEvent.html:106:1: Warning: inserting implicit <span>
    TargetedEvent.html:106:1: Warning: missing </span> before <dl>
    TargetedEvent.html:108:5: Warning: inserting implicit <span>
    TargetedEvent.html:108:42: Warning: inserting implicit <span>
    TargetedEvent.html:108:42: Warning: missing </span> before <p>
    TargetedEvent.html:108:45: Warning: inserting implicit <span>
    TargetedEvent.html:116:1: Warning: inserting implicit <span>
    TargetedEvent.html:116:1: Warning: missing </span> before <h4>
    TargetedEvent.html:120:5: Warning: inserting implicit <span>
    TargetedEvent.html:122:4: Warning: inserting implicit <span>
    TargetedEvent.html:126:1: Warning: inserting implicit <span>
    TargetedEvent.html:126:1: Warning: missing </span> before <h5>
    TargetedEvent.html:126:5: Warning: inserting implicit <span>
    TargetedEvent.html:128:16: Warning: inserting implicit <span>
    TargetedEvent.html:128:16: Warning: missing </span> before <pre>
    TargetedEvent.html:132:5: Warning: inserting implicit <span>
    TargetedEvent.html:135:1: Warning: inserting implicit <span>
    TargetedEvent.html:135:1: Warning: missing </span> before <dl>
    TargetedEvent.html:137:5: Warning: inserting implicit <span>
    TargetedEvent.html:137:33: Warning: inserting implicit <span>
    TargetedEvent.html:137:33: Warning: missing </span> before <p>
    TargetedEvent.html:137:36: Warning: inserting implicit <span>
    TargetedEvent.html:140:5: Warning: inserting implicit <span>
    TargetedEvent.html:140:32: Warning: inserting implicit <span>
    TargetedEvent.html:140:32: Warning: missing </span> before <p>
    TargetedEvent.html:140:35: Warning: inserting implicit <span>
    TargetedEvent.html:151:1: Warning: inserting implicit <span>
    TargetedEvent.html:151:1: Warning: missing </span> before <h4>
    TargetedEvent.html:155:5: Warning: inserting implicit <span>
    TargetedEvent.html:157:4: Warning: inserting implicit <span>
    TargetedEvent.html:161:1: Warning: inserting implicit <span>
    TargetedEvent.html:161:1: Warning: missing </span> before <h5>
    TargetedEvent.html:161:5: Warning: inserting implicit <span>
    TargetedEvent.html:163:16: Warning: inserting implicit <span>
    TargetedEvent.html:163:16: Warning: missing </span> before <pre>
    TargetedEvent.html:167:1: Warning: inserting implicit <span>
    TargetedEvent.html:167:1: Warning: missing </span> before <h4>
    TargetedEvent.html:171:5: Warning: inserting implicit <span>
    TargetedEvent.html:173:4: Warning: inserting implicit <span>
    TargetedEvent.html:177:1: Warning: inserting implicit <span>
    TargetedEvent.html:177:1: Warning: missing </span> before <h5>
    TargetedEvent.html:177:5: Warning: inserting implicit <span>
    TargetedEvent.html:179:16: Warning: inserting implicit <span>
    TargetedEvent.html:179:16: Warning: missing </span> before <pre>
    TargetedEvent.html:183:5: Warning: inserting implicit <span>
    TargetedEvent.html:186:1: Warning: inserting implicit <span>
    TargetedEvent.html:186:1: Warning: missing </span> before <dl>
    TargetedEvent.html:188:5: Warning: inserting implicit <span>
    TargetedEvent.html:188:33: Warning: inserting implicit <span>
    TargetedEvent.html:188:33: Warning: missing </span> before <p>
    TargetedEvent.html:188:36: Warning: inserting implicit <span>
    TargetedEvent.html:197:1: Warning: inserting implicit <span>
    TargetedEvent.html:197:1: Warning: missing </span> before <h4>
    TargetedEvent.html:201:5: Warning: inserting implicit <span>
    TargetedEvent.html:203:4: Warning: inserting implicit <span>
    TargetedEvent.html:207:1: Warning: inserting implicit <span>
    TargetedEvent.html:207:1: Warning: missing </span> before <h5>
    TargetedEvent.html:207:5: Warning: inserting implicit <span>
    TargetedEvent.html:209:16: Warning: inserting implicit <span>
    TargetedEvent.html:209:16: Warning: missing </span> before <pre>
    TargetedEvent.html:213:5: Warning: inserting implicit <span>
    TargetedEvent.html:216:1: Warning: inserting implicit <span>
    TargetedEvent.html:216:1: Warning: missing </span> before <dl>
    TargetedEvent.html:218:5: Warning: inserting implicit <span>
    TargetedEvent.html:218:28: Warning: inserting implicit <span>
    TargetedEvent.html:218:28: Warning: missing </span> before <p>
    TargetedEvent.html:218:31: Warning: inserting implicit <span>
    TargetedEvent.html:226:1: Warning: inserting implicit <span>
    TargetedEvent.html:226:1: Warning: missing </span> before <h4>
    TargetedEvent.html:230:5: Warning: inserting implicit <span>
    TargetedEvent.html:232:4: Warning: inserting implicit <span>
    TargetedEvent.html:236:1: Warning: inserting implicit <span>
    TargetedEvent.html:236:1: Warning: missing </span> before <h5>
    TargetedEvent.html:236:5: Warning: inserting implicit <span>
    TargetedEvent.html:238:16: Warning: inserting implicit <span>
    TargetedEvent.html:238:16: Warning: missing </span> before <pre>
    TargetedEvent.html:242:5: Warning: inserting implicit <span>
    TargetedEvent.html:245:1: Warning: inserting implicit <span>
    TargetedEvent.html:245:1: Warning: missing </span> before <dl>
    TargetedEvent.html:247:5: Warning: inserting implicit <span>
    TargetedEvent.html:247:33: Warning: inserting implicit <span>
    TargetedEvent.html:247:33: Warning: missing </span> before <p>
    TargetedEvent.html:247:36: Warning: inserting implicit <span>
    TargetedEvent.html:255:1: Warning: inserting implicit <span>
    TargetedEvent.html:255:1: Warning: missing </span> before <h4>
    TargetedEvent.html:259:5: Warning: inserting implicit <span>
    TargetedEvent.html:261:4: Warning: inserting implicit <span>
    TargetedEvent.html:265:1: Warning: inserting implicit <span>
    TargetedEvent.html:265:1: Warning: missing </span> before <h5>
    TargetedEvent.html:265:5: Warning: inserting implicit <span>
    TargetedEvent.html:267:16: Warning: inserting implicit <span>
    TargetedEvent.html:267:16: Warning: missing </span> before <pre>
    TargetedEvent.html:271:5: Warning: inserting implicit <span>
    TargetedEvent.html:274:1: Warning: inserting implicit <span>
    TargetedEvent.html:274:1: Warning: missing </span> before <dl>
    TargetedEvent.html:276:5: Warning: inserting implicit <span>
    TargetedEvent.html:276:32: Warning: inserting implicit <span>
    TargetedEvent.html:276:32: Warning: missing </span> before <p>
    TargetedEvent.html:276:35: Warning: inserting implicit <span>
    TargetedEvent.html:284:1: Warning: inserting implicit <span>
    TargetedEvent.html:284:1: Warning: missing </span> before <h4>
    TargetedEvent.html:288:5: Warning: inserting implicit <span>
    TargetedEvent.html:292:5: Warning: inserting implicit <span>
    TargetedEvent.html:294:16: Warning: inserting implicit <span>
    TargetedEvent.html:294:16: Warning: missing </span> before <pre>
    TargetedEvent.html:298:1: Warning: inserting implicit <span>
    TargetedEvent.html:298:1: Warning: missing </span> before <h4>
    TargetedEvent.html:302:5: Warning: inserting implicit <span>
    TargetedEvent.html:306:5: Warning: inserting implicit <span>
    TargetedEvent.html:308:16: Warning: inserting implicit <span>
    TargetedEvent.html:308:16: Warning: missing </span> before <pre>
    TargetedEvent.html:312:1: Warning: inserting implicit <span>
    TargetedEvent.html:312:1: Warning: missing </span> before <h4>
    TargetedEvent.html:316:5: Warning: inserting implicit <span>
    TargetedEvent.html:320:5: Warning: inserting implicit <span>
    TargetedEvent.html:322:16: Warning: inserting implicit <span>
    TargetedEvent.html:322:16: Warning: missing </span> before <pre>
    TargetedEvent.html:326:1: Warning: inserting implicit <span>
    TargetedEvent.html:326:1: Warning: missing </span> before <h4>
    TargetedEvent.html:330:5: Warning: inserting implicit <span>
    TargetedEvent.html:332:4: Warning: inserting implicit <span>
    TargetedEvent.html:336:1: Warning: inserting implicit <span>
    TargetedEvent.html:336:1: Warning: missing </span> before <h5>
    TargetedEvent.html:336:5: Warning: inserting implicit <span>
    TargetedEvent.html:338:16: Warning: inserting implicit <span>
    TargetedEvent.html:338:16: Warning: missing </span> before <pre>
    TargetedEvent.html:342:5: Warning: inserting implicit <span>
    TargetedEvent.html:345:1: Warning: inserting implicit <span>
    TargetedEvent.html:345:1: Warning: missing </span> before <dl>
    TargetedEvent.html:347:5: Warning: inserting implicit <span>
    TargetedEvent.html:347:31: Warning: inserting implicit <span>
    TargetedEvent.html:347:31: Warning: missing </span> before <p>
    TargetedEvent.html:347:34: Warning: inserting implicit <span>
    TargetedEvent.html:97:1: Warning: trimming empty <span>
    TargetedEvent.html:99:16: Warning: trimming empty <span>
    TargetedEvent.html:106:1: Warning: trimming empty <span>
    TargetedEvent.html:108:42: Warning: trimming empty <span>
    TargetedEvent.html:126:1: Warning: trimming empty <span>
    TargetedEvent.html:128:16: Warning: trimming empty <span>
    TargetedEvent.html:135:1: Warning: trimming empty <span>
    TargetedEvent.html:137:33: Warning: trimming empty <span>
    TargetedEvent.html:140:32: Warning: trimming empty <span>
    TargetedEvent.html:161:1: Warning: trimming empty <span>
    TargetedEvent.html:163:16: Warning: trimming empty <span>
    TargetedEvent.html:177:1: Warning: trimming empty <span>
    TargetedEvent.html:179:16: Warning: trimming empty <span>
    TargetedEvent.html:186:1: Warning: trimming empty <span>
    TargetedEvent.html:188:33: Warning: trimming empty <span>
    TargetedEvent.html:207:1: Warning: trimming empty <span>
    TargetedEvent.html:209:16: Warning: trimming empty <span>
    TargetedEvent.html:216:1: Warning: trimming empty <span>
    TargetedEvent.html:218:28: Warning: trimming empty <span>
    TargetedEvent.html:236:1: Warning: trimming empty <span>
    TargetedEvent.html:238:16: Warning: trimming empty <span>
    TargetedEvent.html:245:1: Warning: trimming empty <span>
    TargetedEvent.html:247:33: Warning: trimming empty <span>
    TargetedEvent.html:265:1: Warning: trimming empty <span>
    TargetedEvent.html:267:16: Warning: trimming empty <span>
    TargetedEvent.html:274:1: Warning: trimming empty <span>
    TargetedEvent.html:276:32: Warning: trimming empty <span>
    TargetedEvent.html:294:16: Warning: trimming empty <span>
    TargetedEvent.html:308:16: Warning: trimming empty <span>
    TargetedEvent.html:322:16: Warning: trimming empty <span>
    TargetedEvent.html:336:1: Warning: trimming empty <span>
    TargetedEvent.html:338:16: Warning: trimming empty <span>
    TargetedEvent.html:345:1: Warning: trimming empty <span>
    TargetedEvent.html:347:31: Warning: trimming empty <span>
Flavors: r-devel-linux-x86_64-debian-clang, r-devel-linux-x86_64-debian-gcc

Version: 0.1.9
Check: installed package size
Result: NOTE
     installed size is 10.4Mb
     sub-directories of 1Mb or more:
     libs 8.7Mb
Flavors: r-devel-linux-x86_64-fedora-clang, r-release-macos-arm64, r-release-macos-x86_64, r-oldrel-macos-arm64, r-oldrel-macos-x86_64, r-oldrel-windows-ix86+x86_64

Version: 0.1.9
Check: tests
Result: ERROR
     Running 'testthat.R' [11s]
    Running the tests in 'tests/testthat.R' failed.
    Complete output:
     > library(testthat)
     > library(individual)
     > library(mockery)
     >
     > test_check("individual")
     [ FAIL 1 | WARN 0 | SKIP 0 | PASS 1211 ]
    
     ══ Failed tests ════════════════════════════════════════════════════════════════
     ── Failure (test-raggedinteger-resize.R:48:3): RaggedInteger shrinks are combined ──
     x$get_values() not equal to as.list(9:10).
     Length mismatch: comparison on first 1 components
    
     [ FAIL 1 | WARN 0 | SKIP 0 | PASS 1211 ]
     Error: Test failures
     Execution halted
Flavor: r-devel-windows-x86_64