CRAN Package Check Results for Package industRial

Last updated on 2022-09-30 04:59:11 CEST.

Flavor Version Tinstall Tcheck Ttotal Status Flags
r-devel-linux-x86_64-debian-clang 0.1.0 7.41 62.75 70.16 OK
r-devel-linux-x86_64-debian-gcc 0.1.0 6.11 46.36 52.47 OK
r-devel-linux-x86_64-fedora-clang 0.1.0 104.47 NOTE
r-devel-linux-x86_64-fedora-gcc 0.1.0 93.58 NOTE
r-devel-windows-x86_64 0.1.0 43.00 93.00 136.00 OK
r-patched-linux-x86_64 0.1.0 5.10 58.07 63.17 OK
r-release-linux-x86_64 0.1.0 4.41 57.23 61.64 OK
r-release-macos-arm64 0.1.0 26.00 NOTE
r-release-macos-x86_64 0.1.0 47.00 NOTE
r-release-windows-x86_64 0.1.0 63.00 91.00 154.00 OK
r-oldrel-macos-arm64 0.1.0 30.00 NOTE
r-oldrel-macos-x86_64 0.1.0 37.00 NOTE
r-oldrel-windows-ix86+x86_64 0.1.0 19.00 85.00 104.00 OK

Check Details

Version: 0.1.0
Check: data for non-ASCII characters
Result: NOTE
     Note: found 2 marked UTF-8 strings
Flavors: r-devel-linux-x86_64-fedora-clang, r-devel-linux-x86_64-fedora-gcc, r-release-macos-arm64, r-release-macos-x86_64, r-oldrel-macos-arm64, r-oldrel-macos-x86_64