Last updated on 2022-08-13 04:57:50 CEST.
Flavor | Version | Tinstall | Tcheck | Ttotal | Status | Flags |
---|---|---|---|---|---|---|
r-devel-linux-x86_64-debian-clang | 0.9-9 | 10.16 | 84.30 | 94.46 | NOTE | |
r-devel-linux-x86_64-debian-gcc | 0.9-9 | 8.63 | 63.65 | 72.28 | NOTE | |
r-devel-linux-x86_64-fedora-clang | 0.9-9 | 120.49 | NOTE | |||
r-devel-linux-x86_64-fedora-gcc | 0.9-9 | 120.31 | NOTE | |||
r-devel-windows-x86_64 | 0.9-9 | 31.00 | 105.00 | 136.00 | NOTE | |
r-patched-linux-x86_64 | 0.9-9 | 9.13 | 68.42 | 77.55 | OK | |
r-release-linux-x86_64 | 0.9-9 | 9.25 | 77.30 | 86.55 | OK | |
r-release-macos-arm64 | 0.9-9 | 36.00 | OK | |||
r-release-macos-x86_64 | 0.9-9 | 60.00 | OK | |||
r-release-windows-x86_64 | 0.9-9 | 26.00 | 110.00 | 136.00 | OK | |
r-oldrel-macos-arm64 | 0.9-9 | 44.00 | OK | |||
r-oldrel-macos-x86_64 | 0.9-9 | 51.00 | OK | |||
r-oldrel-windows-ix86+x86_64 | 0.9-9 | 22.00 | 99.00 | 121.00 | OK |
Version: 0.9-9
Check: Rd files
Result: NOTE
checkRd: (-1) school23.Rd:30: Escaped LaTeX specials: \&
checkRd: (-1) school23.Rd:35: Escaped LaTeX specials: \&
Flavors: r-devel-linux-x86_64-debian-clang, r-devel-linux-x86_64-debian-gcc, r-devel-linux-x86_64-fedora-clang, r-devel-linux-x86_64-fedora-gcc, r-devel-windows-x86_64