CRAN Package Check Results for Package influenceAUC

Last updated on 2023-01-27 03:53:48 CET.

Flavor Version Tinstall Tcheck Ttotal Status Flags
r-devel-linux-x86_64-debian-clang 0.1.2 6.90 65.28 72.18 NOTE
r-devel-linux-x86_64-debian-gcc 0.1.2 5.19 49.14 54.33 NOTE
r-devel-linux-x86_64-fedora-clang 0.1.2 93.83 NOTE
r-devel-linux-x86_64-fedora-gcc 0.1.2 84.50 NOTE
r-devel-windows-x86_64 0.1.2 19.00 92.00 111.00 NOTE
r-patched-linux-x86_64 0.1.2 7.38 63.50 70.88 NOTE
r-release-linux-x86_64 0.1.2 6.43 63.00 69.43 NOTE
r-release-macos-arm64 0.1.2 28.00 NOTE
r-release-macos-x86_64 0.1.2 55.00 NOTE
r-release-windows-x86_64 0.1.2 25.00 92.00 117.00 NOTE
r-oldrel-macos-arm64 0.1.2 31.00 NOTE
r-oldrel-macos-x86_64 0.1.2 54.00 NOTE
r-oldrel-windows-ix86+x86_64 0.1.2 17.00 93.00 110.00 NOTE

Check Details

Version: 0.1.2
Check: LazyData
Result: NOTE
     'LazyData' is specified without a 'data' directory
Flavors: r-devel-linux-x86_64-debian-clang, r-devel-linux-x86_64-debian-gcc, r-devel-linux-x86_64-fedora-clang, r-devel-linux-x86_64-fedora-gcc, r-devel-windows-x86_64, r-patched-linux-x86_64, r-release-linux-x86_64, r-release-macos-arm64, r-release-macos-x86_64, r-release-windows-x86_64, r-oldrel-macos-arm64, r-oldrel-macos-x86_64, r-oldrel-windows-ix86+x86_64