CRAN Package Check Results for Package inlinedocs

Last updated on 2022-10-04 04:50:32 CEST.

Flavor Version Tinstall Tcheck Ttotal Status Flags
r-devel-linux-x86_64-debian-clang 2019.12.5 4.62 36.06 40.68 OK
r-devel-linux-x86_64-debian-gcc 2019.12.5 4.36 28.51 32.87 OK
r-devel-linux-x86_64-fedora-clang 2019.12.5 64.09 NOTE
r-devel-linux-x86_64-fedora-gcc 2019.12.5 60.54 OK
r-devel-windows-x86_64 2019.12.5 27.00 81.00 108.00 OK
r-patched-linux-x86_64 2019.12.5 6.75 35.53 42.28 OK
r-release-linux-x86_64 2019.12.5 4.82 35.11 39.93 OK
r-release-macos-arm64 2019.12.5 23.00 OK
r-release-macos-x86_64 2019.12.5 31.00 OK
r-release-windows-x86_64 2019.12.5 42.00 76.00 118.00 OK
r-oldrel-macos-arm64 2019.12.5 27.00 OK
r-oldrel-macos-x86_64 2019.12.5 39.00 OK
r-oldrel-windows-ix86+x86_64 2019.12.5 10.00 64.00 74.00 OK

Check Details

Version: 2019.12.5
Check: Rd cross-references
Result: NOTE
    Undeclared package ‘R.methodsS3’ in Rd xrefs
Flavor: r-devel-linux-x86_64-fedora-clang