CRAN Package Check Results for Package interp

Last updated on 2022-10-06 04:51:27 CEST.

Flavor Version Tinstall Tcheck Ttotal Status Flags
r-devel-linux-x86_64-debian-clang 1.1-3 154.15 212.13 366.28 OK
r-devel-linux-x86_64-debian-gcc 1.1-3 120.00 158.59 278.59 OK
r-devel-linux-x86_64-fedora-clang 1.1-3 471.52 OK
r-devel-linux-x86_64-fedora-gcc 1.1-3 473.04 OK
r-devel-windows-x86_64 1.1-3 169.00 290.00 459.00 OK
r-patched-linux-x86_64 1.1-3 126.43 175.69 302.12 OK
r-release-linux-x86_64 1.1-3 117.57 204.62 322.19 OK
r-release-macos-arm64 1.1-3 166.00 NOTE
r-release-macos-x86_64 1.1-3 216.00 NOTE
r-release-windows-x86_64 1.1-3 199.00 301.00 500.00 OK
r-oldrel-macos-arm64 1.1-3 150.00 NOTE
r-oldrel-macos-x86_64 1.1-3 215.00 NOTE
r-oldrel-windows-ix86+x86_64 1.1-3 317.00 279.00 596.00 OK

Check Details

Version: 1.1-3
Check: installed package size
Result: NOTE
     installed size is 31.9Mb
     sub-directories of 1Mb or more:
     libs 31.0Mb
Flavors: r-release-macos-arm64, r-release-macos-x86_64, r-oldrel-macos-arm64, r-oldrel-macos-x86_64