CRAN Package Check Results for Package interplex

Last updated on 2022-12-09 04:00:47 CET.

Flavor Version Tinstall Tcheck Ttotal Status Flags
r-devel-linux-x86_64-debian-clang 0.1.0 2.51 30.56 33.07 OK
r-devel-linux-x86_64-debian-gcc 0.1.0 1.93 24.16 26.09 OK
r-devel-linux-x86_64-fedora-clang 0.1.0 52.02 NOTE
r-devel-linux-x86_64-fedora-gcc 0.1.0 52.09 OK
r-devel-windows-x86_64 0.1.0 12.00 64.00 76.00 OK
r-patched-linux-x86_64 0.1.0 2.64 28.87 31.51 OK
r-release-linux-x86_64 0.1.0 2.07 26.88 28.95 OK
r-release-macos-arm64 0.1.0 16.00 OK
r-release-macos-x86_64 0.1.0 24.00 OK
r-release-windows-x86_64 0.1.0 20.00 60.00 80.00 OK
r-oldrel-macos-arm64 0.1.0 16.00 OK
r-oldrel-macos-x86_64 0.1.0 26.00 OK
r-oldrel-windows-ix86+x86_64 0.1.0 6.00 56.00 62.00 OK

Check Details

Version: 0.1.0
Check: Rd cross-references
Result: NOTE
    Undeclared package ‘Rcpp’ in Rd xrefs
Flavor: r-devel-linux-x86_64-fedora-clang