Last updated on 2022-08-10 04:54:03 CEST.
Flavor | Version | Tinstall | Tcheck | Ttotal | Status | Flags |
---|---|---|---|---|---|---|
r-devel-linux-x86_64-debian-clang | 1.4.2 | 4.73 | 52.47 | 57.20 | OK | |
r-devel-linux-x86_64-debian-gcc | 1.4.2 | 2.93 | 41.12 | 44.05 | OK | |
r-devel-linux-x86_64-fedora-clang | 1.4.2 | 82.53 | NOTE | |||
r-devel-linux-x86_64-fedora-gcc | 1.4.2 | 81.97 | OK | |||
r-devel-windows-x86_64 | 1.4.2 | 20.00 | 119.00 | 139.00 | OK | |
r-patched-linux-x86_64 | 1.4.2 | 4.43 | 50.27 | 54.70 | OK | |
r-release-linux-x86_64 | 1.4.2 | OK | ||||
r-release-macos-arm64 | 1.4.2 | 27.00 | OK | |||
r-release-macos-x86_64 | 1.4.2 | 37.00 | OK | |||
r-release-windows-x86_64 | 1.4.2 | 18.00 | 111.00 | 129.00 | OK | |
r-oldrel-macos-arm64 | 1.4.2 | 27.00 | OK | |||
r-oldrel-macos-x86_64 | 1.4.2 | 35.00 | OK | |||
r-oldrel-windows-ix86+x86_64 | 1.4.2 | 8.00 | 89.00 | 97.00 | OK |
Version: 1.4.2
Check: Rd cross-references
Result: NOTE
Undeclared packages ‘nlstools’, ‘lme4’ in Rd xrefs
Flavor: r-devel-linux-x86_64-fedora-clang