Last updated on 2023-03-22 03:51:19 CET.
Flavor | Version | Tinstall | Tcheck | Ttotal | Status | Flags |
---|---|---|---|---|---|---|
r-devel-linux-x86_64-debian-clang | 0.9.1 | 17.24 | 202.09 | 219.33 | OK | |
r-devel-linux-x86_64-debian-gcc | 0.9.1 | 14.35 | 151.21 | 165.56 | OK | |
r-devel-linux-x86_64-fedora-clang | 0.9.1 | 267.57 | OK | |||
r-devel-linux-x86_64-fedora-gcc | 0.9.1 | 264.61 | OK | |||
r-patched-linux-x86_64 | 0.9.1 | 17.32 | 192.37 | 209.69 | OK | |
r-release-linux-x86_64 | 0.9.1 | 14.47 | 190.35 | 204.82 | OK | |
r-release-macos-arm64 | 0.9.1 | 63.00 | OK | |||
r-release-macos-x86_64 | 0.9.1 | 90.00 | OK | |||
r-release-windows-x86_64 | 0.9.1 | 79.00 | 248.00 | 327.00 | OK | |
r-oldrel-macos-arm64 | 0.9.1 | 75.00 | OK | |||
r-oldrel-macos-x86_64 | 0.9.1 | 101.00 | OK | |||
r-oldrel-windows-ix86+x86_64 | 0.9.1 | 38.00 | 250.00 | 288.00 | NOTE |
Version: 0.9.1
Check: R code for possible problems
Result: NOTE
Initiating curl with CURL_SSL_BACKEND: openssl
Flavor: r-oldrel-windows-ix86+x86_64