CRAN Package Check Results for Package ip2location

Last updated on 2022-12-01 04:00:34 CET.

Flavor Version Tinstall Tcheck Ttotal Status Flags
r-devel-linux-x86_64-debian-clang 8.0.1 9.34 67.57 76.91 OK
r-devel-linux-x86_64-debian-gcc 8.0.1 6.62 53.24 59.86 OK
r-devel-linux-x86_64-fedora-clang 8.0.1 104.35 NOTE
r-devel-linux-x86_64-fedora-gcc 8.0.1 105.56 NOTE
r-devel-windows-x86_64 8.0.1 16.00 95.00 111.00 OK
r-patched-linux-x86_64 8.0.1 8.06 67.27 75.33 OK
r-release-linux-x86_64 8.0.1 7.53 68.52 76.05 OK
r-release-macos-arm64 8.0.1 27.00 NOTE
r-release-macos-x86_64 8.0.1 39.00 NOTE
r-release-windows-x86_64 8.0.1 17.00 93.00 110.00 OK
r-oldrel-macos-arm64 8.0.1 33.00 NOTE
r-oldrel-macos-x86_64 8.0.1 47.00 NOTE
r-oldrel-windows-ix86+x86_64 8.0.1 18.00 88.00 106.00 OK

Additional issues

donttest

Check Details

Version: 8.0.1
Check: dependencies in R code
Result: NOTE
    Namespace in Imports field not imported from: ‘stringr’
     All declared Imports should be used.
Flavors: r-devel-linux-x86_64-fedora-clang, r-devel-linux-x86_64-fedora-gcc, r-release-macos-arm64, r-release-macos-x86_64, r-oldrel-macos-arm64, r-oldrel-macos-x86_64