CRAN Package Check Results for Package ir

Last updated on 2022-12-03 03:57:11 CET.

Flavor Version Tinstall Tcheck Ttotal Status Flags
r-devel-linux-x86_64-debian-clang 0.2.1 11.53 257.10 268.63 NOTE
r-devel-linux-x86_64-debian-gcc 0.2.1 10.69 192.67 203.36 NOTE
r-devel-linux-x86_64-fedora-clang 0.2.1 334.19 NOTE
r-devel-linux-x86_64-fedora-gcc 0.2.1 354.00 NOTE
r-devel-windows-x86_64 0.2.1 42.00 323.00 365.00 NOTE
r-patched-linux-x86_64 0.2.1 14.00 242.70 256.70 OK
r-release-linux-x86_64 0.2.1 8.23 240.04 248.27 OK
r-release-macos-arm64 0.2.1 93.00 OK
r-release-macos-x86_64 0.2.1 146.00 OK
r-release-windows-x86_64 0.2.1 50.00 311.00 361.00 OK
r-oldrel-macos-arm64 0.2.1 90.00 OK
r-oldrel-macos-x86_64 0.2.1 120.00 OK
r-oldrel-windows-ix86+x86_64 0.2.1 30.00 307.00 337.00 OK

Check Details

Version: 0.2.1
Check: Rd files
Result: NOTE
    checkRd: (-1) ir_to_transmittance.Rd:49: Escaped LaTeX specials: \&
Flavors: r-devel-linux-x86_64-debian-clang, r-devel-linux-x86_64-debian-gcc, r-devel-linux-x86_64-fedora-clang, r-devel-linux-x86_64-fedora-gcc, r-devel-windows-x86_64