CRAN Package Check Results for Package jiebaR

Last updated on 2023-03-24 03:54:19 CET.

Flavor Version Tinstall Tcheck Ttotal Status Flags
r-devel-linux-x86_64-debian-clang 0.11 69.63 65.30 134.93 NOTE
r-devel-linux-x86_64-debian-gcc 0.11 60.54 51.28 111.82 NOTE
r-devel-linux-x86_64-fedora-clang 0.11 220.90 NOTE
r-devel-linux-x86_64-fedora-gcc 0.11 195.04 NOTE
r-patched-linux-x86_64 0.11 63.04 63.98 127.02 OK
r-release-linux-x86_64 0.11 62.38 66.27 128.65 OK
r-release-macos-arm64 0.11 55.00 NOTE
r-release-macos-x86_64 0.11 76.00 NOTE
r-release-windows-x86_64 0.11 95.00 136.00 231.00 OK
r-oldrel-macos-arm64 0.11 56.00 NOTE
r-oldrel-macos-x86_64 0.11 116.00 NOTE
r-oldrel-windows-ix86+x86_64 0.11 173.00 149.00 322.00 OK

Check Details

Version: 0.11
Check: C++ specification
Result: NOTE
     Specified C++11: please drop specification unless essential
Flavors: r-devel-linux-x86_64-debian-clang, r-devel-linux-x86_64-debian-gcc, r-devel-linux-x86_64-fedora-clang, r-devel-linux-x86_64-fedora-gcc

Version: 0.11
Check: installed package size
Result: NOTE
     installed size is 5.7Mb
     sub-directories of 1Mb or more:
     libs 5.2Mb
Flavors: r-release-macos-arm64, r-release-macos-x86_64, r-oldrel-macos-arm64, r-oldrel-macos-x86_64