CRAN Package Check Results for Package joinet

Last updated on 2022-10-07 04:55:53 CEST.

Flavor Version Tinstall Tcheck Ttotal Status Flags
r-devel-linux-x86_64-debian-clang 0.0.10 2.24 74.49 76.73 NOTE
r-devel-linux-x86_64-debian-gcc 0.0.10 2.39 55.17 57.56 NOTE
r-devel-linux-x86_64-fedora-clang 0.0.10 104.36 NOTE
r-devel-linux-x86_64-fedora-gcc 0.0.10 98.10 NOTE
r-devel-windows-x86_64 0.0.10 11.00 113.00 124.00 NOTE
r-patched-linux-x86_64 0.0.10 3.37 71.00 74.37 NOTE
r-release-linux-x86_64 0.0.10 3.13 69.73 72.86 NOTE
r-release-macos-arm64 0.0.10 32.00 NOTE
r-release-macos-x86_64 0.0.10 43.00 NOTE
r-release-windows-x86_64 0.0.10 14.00 113.00 127.00 NOTE
r-oldrel-macos-arm64 0.0.10 39.00 NOTE
r-oldrel-macos-x86_64 0.0.10 45.00 NOTE
r-oldrel-windows-ix86+x86_64 0.0.10 7.00 100.00 107.00 OK

Check Details

Version: 0.0.10
Check: package dependencies
Result: NOTE
    Package which this enhances but not available for checking: 'remMap'
Flavors: r-devel-linux-x86_64-debian-clang, r-devel-linux-x86_64-debian-gcc, r-devel-linux-x86_64-fedora-clang, r-devel-linux-x86_64-fedora-gcc, r-devel-windows-x86_64, r-patched-linux-x86_64, r-release-linux-x86_64, r-release-macos-arm64, r-release-windows-x86_64

Version: 0.0.10
Check: package dependencies
Result: NOTE
    Packages which this enhances but not available for checking:
     'remMap', 'MultivariateRandomForest'
Flavor: r-release-macos-x86_64

Version: 0.0.10
Check: package dependencies
Result: NOTE
    Package which this enhances but not available for checking: ‘MRCE’
Flavors: r-oldrel-macos-arm64, r-oldrel-macos-x86_64