CRAN Package Check Results for Package justifier

Last updated on 2022-12-03 03:57:12 CET.

Flavor Version Tinstall Tcheck Ttotal Status Flags
r-devel-linux-x86_64-debian-clang 0.2.4 6.68 104.07 110.75 OK
r-devel-linux-x86_64-debian-gcc 0.2.4 5.26 78.13 83.39 OK
r-devel-linux-x86_64-fedora-clang 0.2.4 147.24 NOTE
r-devel-linux-x86_64-fedora-gcc 0.2.4 153.53 OK
r-devel-windows-x86_64 0.2.4 62.00 148.00 210.00 OK
r-patched-linux-x86_64 0.2.4 6.25 99.77 106.02 OK
r-release-linux-x86_64 0.2.4 4.02 96.36 100.38 OK
r-release-macos-arm64 0.2.4 43.00 OK
r-release-macos-x86_64 0.2.4 52.00 OK
r-release-windows-x86_64 0.2.4 53.00 139.00 192.00 OK
r-oldrel-macos-arm64 0.2.4 38.00 OK
r-oldrel-macos-x86_64 0.2.4 54.00 OK
r-oldrel-windows-ix86+x86_64 0.2.4 15.00 150.00 165.00 OK

Check Details

Version: 0.2.4
Check: Rd cross-references
Result: NOTE
    Undeclared package ‘ggplot2’ in Rd xrefs
Flavor: r-devel-linux-x86_64-fedora-clang