Last updated on 2023-02-03 03:55:54 CET.
Flavor | Version | Tinstall | Tcheck | Ttotal | Status | Flags |
---|---|---|---|---|---|---|
r-devel-linux-x86_64-debian-clang | 1.1.0 | 10.56 | 83.61 | 94.17 | NOTE | |
r-devel-linux-x86_64-debian-gcc | 1.1.0 | 7.57 | 61.03 | 68.60 | NOTE | |
r-devel-linux-x86_64-fedora-clang | 1.1.0 | 115.11 | NOTE | |||
r-devel-linux-x86_64-fedora-gcc | 1.1.0 | 124.42 | NOTE | |||
r-devel-windows-x86_64 | 1.1.0 | 33.00 | 115.00 | 148.00 | NOTE | |
r-patched-linux-x86_64 | 1.1.0 | 12.09 | 76.86 | 88.95 | NOTE | |
r-release-linux-x86_64 | 1.1.0 | 7.28 | 77.22 | 84.50 | NOTE | |
r-release-macos-arm64 | 1.1.0 | 25.00 | NOTE | |||
r-release-macos-x86_64 | 1.1.0 | 46.00 | NOTE | |||
r-release-windows-x86_64 | 1.1.0 | 33.00 | 116.00 | 149.00 | NOTE | |
r-oldrel-macos-arm64 | 1.1.0 | 31.00 | NOTE | |||
r-oldrel-macos-x86_64 | 1.1.0 | 50.00 | NOTE | |||
r-oldrel-windows-ix86+x86_64 | 1.1.0 | 19.00 | 102.00 | 121.00 | NOTE |
Version: 1.1.0
Check: LazyData
Result: NOTE
'LazyData' is specified without a 'data' directory
Flavors: r-devel-linux-x86_64-debian-clang, r-devel-linux-x86_64-debian-gcc, r-devel-linux-x86_64-fedora-clang, r-devel-linux-x86_64-fedora-gcc, r-devel-windows-x86_64, r-patched-linux-x86_64, r-release-linux-x86_64, r-release-macos-arm64, r-release-macos-x86_64, r-release-windows-x86_64, r-oldrel-macos-arm64, r-oldrel-macos-x86_64, r-oldrel-windows-ix86+x86_64
Version: 1.1.0
Check: dependencies in R code
Result: NOTE
Namespaces in Imports field not imported from:
‘EQL’ ‘univariateML’
All declared Imports should be used.
Flavors: r-devel-linux-x86_64-fedora-clang, r-devel-linux-x86_64-fedora-gcc, r-release-macos-arm64, r-release-macos-x86_64, r-oldrel-macos-arm64, r-oldrel-macos-x86_64