Last updated on 2023-10-02 05:06:41 CEST.
Flavor | Version | Tinstall | Tcheck | Ttotal | Status | Flags |
---|---|---|---|---|---|---|
r-devel-linux-x86_64-debian-clang | 0.0.2 | 10.11 | 118.66 | 128.77 | NOTE | |
r-devel-linux-x86_64-debian-gcc | 0.0.2 | 9.83 | 95.95 | 105.78 | NOTE | |
r-devel-linux-x86_64-fedora-clang | 0.0.2 | 169.78 | NOTE | |||
r-devel-linux-x86_64-fedora-gcc | 0.0.2 | 189.42 | NOTE | |||
r-devel-windows-x86_64 | 0.0.2 | 11.00 | 127.00 | 138.00 | NOTE | |
r-patched-linux-x86_64 | 0.0.2 | 9.77 | 123.17 | 132.94 | NOTE | |
r-release-linux-x86_64 | 0.0.2 | 8.12 | 123.62 | 131.74 | NOTE | |
r-release-macos-arm64 | 0.0.2 | 70.00 | NOTE | |||
r-release-macos-x86_64 | 0.0.2 | 100.00 | NOTE | |||
r-release-windows-x86_64 | 0.0.2 | 13.00 | 129.00 | 142.00 | NOTE | |
r-oldrel-macos-arm64 | 0.0.2 | 175.00 | OK | |||
r-oldrel-macos-x86_64 | 0.0.2 | 140.00 | OK | |||
r-oldrel-windows-x86_64 | 0.0.2 | 13.00 | 133.00 | 146.00 | OK |
Version: 0.0.2
Check: Rd \usage sections
Result: NOTE
S3 methods shown with full name in documentation object 'bw.abram.temp':
‘bw.abram.temp’
The \usage entries for S3 methods should use the \method markup and not
their full name.
See chapter ‘Writing R documentation files’ in the ‘Writing R
Extensions’ manual.
Flavors: r-devel-linux-x86_64-debian-clang, r-devel-linux-x86_64-debian-gcc, r-devel-linux-x86_64-fedora-clang, r-devel-linux-x86_64-fedora-gcc, r-devel-windows-x86_64, r-patched-linux-x86_64, r-release-linux-x86_64, r-release-macos-arm64, r-release-macos-x86_64, r-release-windows-x86_64