CRAN Package Check Results for Package kfda

Last updated on 2024-06-20 04:53:46 CEST.

Flavor Version Tinstall Tcheck Ttotal Status Flags
r-devel-linux-x86_64-debian-clang 1.0.0 5.30 44.50 49.80 NOTE
r-devel-linux-x86_64-debian-gcc 1.0.0 3.30 33.26 36.56 NOTE
r-devel-linux-x86_64-fedora-clang 1.0.0 59.58 NOTE
r-devel-linux-x86_64-fedora-gcc 1.0.0 56.93 NOTE
r-devel-windows-x86_64 1.0.0 5.00 49.00 54.00 NOTE
r-patched-linux-x86_64 1.0.0 4.89 43.49 48.38 NOTE
r-release-linux-x86_64 1.0.0 4.23 43.21 47.44 NOTE
r-release-macos-arm64 1.0.0 22.00 NOTE
r-release-macos-x86_64 1.0.0 30.00 NOTE
r-release-windows-x86_64 1.0.0 4.00 52.00 56.00 NOTE
r-oldrel-macos-arm64 1.0.0 22.00 NOTE
r-oldrel-macos-x86_64 1.0.0 32.00 NOTE
r-oldrel-windows-x86_64 1.0.0 4.00 57.00 61.00 NOTE

Check Details

Version: 1.0.0
Check: Rd files
Result: NOTE checkRd: (-1) kfda.Rd:26: Lost braces 26 | \item{kpca.train}{An object of class "kpca". It has results of \code{kpca} function. (see{\code{\link[kernlab]{kpca}}} (in package \pkg{kernlab}))} | ^ Flavors: r-devel-linux-x86_64-debian-clang, r-devel-linux-x86_64-debian-gcc, r-devel-linux-x86_64-fedora-clang, r-devel-linux-x86_64-fedora-gcc, r-devel-windows-x86_64, r-patched-linux-x86_64, r-release-linux-x86_64, r-release-macos-arm64, r-release-macos-x86_64, r-release-windows-x86_64

Version: 1.0.0
Check: LazyData
Result: NOTE 'LazyData' is specified without a 'data' directory Flavors: r-devel-linux-x86_64-debian-clang, r-devel-linux-x86_64-debian-gcc, r-devel-linux-x86_64-fedora-clang, r-devel-linux-x86_64-fedora-gcc, r-devel-windows-x86_64, r-patched-linux-x86_64, r-release-linux-x86_64, r-release-macos-arm64, r-release-macos-x86_64, r-release-windows-x86_64, r-oldrel-macos-arm64, r-oldrel-macos-x86_64, r-oldrel-windows-x86_64