CRAN Package Check Results for Package koRpus.lang.en

Last updated on 2022-08-19 05:01:40 CEST.

Flavor Version Tinstall Tcheck Ttotal Status Flags
r-devel-linux-x86_64-debian-clang 0.1-4 8.86 76.64 85.50 OK
r-devel-linux-x86_64-debian-gcc 0.1-4 7.62 57.83 65.45 OK
r-devel-linux-x86_64-fedora-clang 0.1-4 111.62 NOTE
r-devel-linux-x86_64-fedora-gcc 0.1-4 111.09 NOTE
r-devel-windows-x86_64 0.1-4 15.00 92.00 107.00 OK
r-patched-linux-x86_64 0.1-4 8.18 73.56 81.74 OK
r-release-linux-x86_64 0.1-4 OK
r-release-macos-arm64 0.1-4 31.00 NOTE
r-release-macos-x86_64 0.1-4 46.00 NOTE
r-release-windows-x86_64 0.1-4 18.00 98.00 116.00 OK
r-oldrel-macos-arm64 0.1-4 37.00 NOTE
r-oldrel-macos-x86_64 0.1-4 64.00 NOTE
r-oldrel-windows-ix86+x86_64 0.1-4 18.00 93.00 111.00 OK

Check Details

Version: 0.1-4
Check: dependencies in R code
Result: NOTE
    Namespace in Imports field not imported from: ‘methods’
     All declared Imports should be used.
Flavors: r-devel-linux-x86_64-fedora-clang, r-devel-linux-x86_64-fedora-gcc, r-release-macos-arm64, r-release-macos-x86_64, r-oldrel-macos-arm64, r-oldrel-macos-x86_64