CRAN Package Check Results for Package lavaan.shiny

Last updated on 2022-08-16 04:53:41 CEST.

Flavor Version Tinstall Tcheck Ttotal Status Flags
r-devel-linux-x86_64-debian-clang 1.2 19.42 168.87 188.29 NOTE
r-devel-linux-x86_64-debian-gcc 1.2 16.24 123.38 139.62 NOTE
r-devel-linux-x86_64-fedora-clang 1.2 236.06 NOTE
r-devel-linux-x86_64-fedora-gcc 1.2 240.44 NOTE
r-devel-windows-x86_64 1.2 36.00 176.00 212.00 NOTE
r-patched-linux-x86_64 1.2 18.57 154.18 172.75 NOTE
r-release-linux-x86_64 1.2 17.67 157.09 174.76 NOTE
r-release-macos-arm64 1.2 60.00 NOTE
r-release-macos-x86_64 1.2 107.00 NOTE
r-release-windows-x86_64 1.2 19.00 171.00 190.00 NOTE
r-oldrel-macos-arm64 1.2 69.00 NOTE
r-oldrel-macos-x86_64 1.2 123.00 NOTE
r-oldrel-windows-ix86+x86_64 1.2 50.00 171.00 221.00 NOTE

Check Details

Version: 1.2
Check: LazyData
Result: NOTE
     'LazyData' is specified without a 'data' directory
Flavors: r-devel-linux-x86_64-debian-clang, r-devel-linux-x86_64-debian-gcc, r-devel-linux-x86_64-fedora-clang, r-devel-linux-x86_64-fedora-gcc, r-devel-windows-x86_64, r-patched-linux-x86_64, r-release-linux-x86_64, r-release-macos-arm64, r-release-macos-x86_64, r-release-windows-x86_64, r-oldrel-macos-arm64, r-oldrel-macos-x86_64, r-oldrel-windows-ix86+x86_64