CRAN Package Check Results for Package lazyeval

Last updated on 2022-10-05 04:50:55 CEST.

Flavor Version Tinstall Tcheck Ttotal Status Flags
r-devel-linux-x86_64-debian-clang 0.2.2 4.37 35.92 40.29 NOTE
r-devel-linux-x86_64-debian-gcc 0.2.2 3.34 27.52 30.86 NOTE
r-devel-linux-x86_64-fedora-clang 0.2.2 61.39 NOTE
r-devel-linux-x86_64-fedora-gcc 0.2.2 57.48 NOTE
r-devel-windows-x86_64 0.2.2 40.00 77.00 117.00 NOTE
r-patched-linux-x86_64 0.2.2 4.25 33.54 37.79 NOTE
r-release-linux-x86_64 0.2.2 3.86 33.60 37.46 NOTE
r-release-macos-arm64 0.2.2 21.00 NOTE
r-release-macos-x86_64 0.2.2 33.00 NOTE
r-release-windows-x86_64 0.2.2 41.00 71.00 112.00 NOTE
r-oldrel-macos-arm64 0.2.2 26.00 NOTE
r-oldrel-macos-x86_64 0.2.2 40.00 NOTE
r-oldrel-windows-ix86+x86_64 0.2.2 16.00 72.00 88.00 NOTE

Check Details

Version: 0.2.2
Check: LazyData
Result: NOTE
     'LazyData' is specified without a 'data' directory
Flavors: r-devel-linux-x86_64-debian-clang, r-devel-linux-x86_64-debian-gcc, r-devel-linux-x86_64-fedora-clang, r-devel-linux-x86_64-fedora-gcc, r-devel-windows-x86_64, r-patched-linux-x86_64, r-release-linux-x86_64, r-release-macos-arm64, r-release-macos-x86_64, r-release-windows-x86_64, r-oldrel-macos-arm64, r-oldrel-macos-x86_64, r-oldrel-windows-ix86+x86_64