Last updated on 2022-07-03 04:49:04 CEST.
Flavor | Version | Tinstall | Tcheck | Ttotal | Status | Flags |
---|---|---|---|---|---|---|
r-devel-linux-x86_64-debian-clang | 1.4.2 | 4.15 | 45.24 | 49.39 | OK | |
r-devel-linux-x86_64-debian-gcc | 1.4.2 | 3.81 | 35.62 | 39.43 | OK | |
r-devel-linux-x86_64-fedora-clang | 1.4.2 | 71.06 | NOTE | |||
r-devel-linux-x86_64-fedora-gcc | 1.4.2 | 69.34 | NOTE | |||
r-devel-windows-x86_64 | 1.4.2 | 27.00 | 79.00 | 106.00 | OK | |
r-patched-linux-x86_64 | 1.4.2 | 5.18 | 43.27 | 48.45 | OK | |
r-release-linux-x86_64 | 1.4.2 | 4.69 | 43.53 | 48.22 | OK | |
r-release-macos-arm64 | 1.4.2 | 26.00 | OK | |||
r-release-macos-x86_64 | 1.4.2 | 34.00 | OK | |||
r-release-windows-x86_64 | 1.4.2 | 25.00 | 84.00 | 109.00 | OK | |
r-oldrel-macos-arm64 | 1.4.2 | 29.00 | OK | |||
r-oldrel-macos-x86_64 | 1.4.2 | 50.00 | OK | |||
r-oldrel-windows-ix86+x86_64 | 1.4.2 | 13.00 | 78.00 | 91.00 | OK |
Version: 1.4.2
Check: compiled code
Result: NOTE
File ‘lda/libs/lda.so’:
Found no calls to: ‘R_registerRoutines’, ‘R_useDynamicSymbols’
It is good practice to register native routines and to disable symbol
search.
See ‘Writing portable packages’ in the ‘Writing R Extensions’ manual.
Flavors: r-devel-linux-x86_64-fedora-clang, r-devel-linux-x86_64-fedora-gcc