CRAN Package Check Results for Package ldsr

Last updated on 2022-11-26 03:58:10 CET.

Flavor Version Tinstall Tcheck Ttotal Status Flags
r-devel-linux-x86_64-debian-clang 0.0.2 47.55 75.12 122.67 NOTE
r-devel-linux-x86_64-debian-gcc 0.0.2 40.32 54.94 95.26 NOTE
r-devel-linux-x86_64-fedora-clang 0.0.2 174.81 NOTE
r-devel-linux-x86_64-fedora-gcc 0.0.2 171.30 NOTE
r-devel-windows-x86_64 0.0.2 55.00 127.00 182.00 NOTE
r-patched-linux-x86_64 0.0.2 OK
r-release-linux-x86_64 0.0.2 39.02 69.94 108.96 OK
r-release-macos-arm64 0.0.2 45.00 OK
r-release-macos-x86_64 0.0.2 70.00 OK
r-release-windows-x86_64 0.0.2 56.00 125.00 181.00 OK
r-oldrel-macos-arm64 0.0.2 54.00 OK
r-oldrel-macos-x86_64 0.0.2 83.00 OK
r-oldrel-windows-ix86+x86_64 0.0.2 119.00 140.00 259.00 OK

Check Details

Version: 0.0.2
Check: package subdirectories
Result: NOTE
    Problems with news in 'NEWS.md':
    No news entries found.
Flavors: r-devel-linux-x86_64-debian-clang, r-devel-linux-x86_64-debian-gcc, r-devel-linux-x86_64-fedora-clang, r-devel-linux-x86_64-fedora-gcc, r-devel-windows-x86_64