CRAN Package Check Results for Package leaflet.providers

Last updated on 2025-01-26 03:49:51 CET.

Flavor Version Tinstall Tcheck Ttotal Status Flags
r-devel-linux-x86_64-debian-clang 2.0.0 2.06 25.63 27.69 OK
r-devel-linux-x86_64-debian-gcc 2.0.0 1.36 20.73 22.09 OK
r-devel-linux-x86_64-fedora-clang 2.0.0 43.39 OK
r-devel-linux-x86_64-fedora-gcc 2.0.0 41.42 OK
r-devel-windows-x86_64 2.0.0 5.00 54.00 59.00 OK
r-patched-linux-x86_64 2.0.0 2.03 24.29 26.32 OK
r-release-linux-x86_64 2.0.0 1.81 24.15 25.96 OK
r-release-macos-arm64 2.0.0 21.00 NOTE
r-release-macos-x86_64 2.0.0 46.00 OK
r-release-windows-x86_64 2.0.0 4.00 54.00 58.00 OK
r-oldrel-macos-arm64 2.0.0 23.00 OK
r-oldrel-macos-x86_64 2.0.0 45.00 OK
r-oldrel-windows-x86_64 2.0.0 4.00 53.00 57.00 OK

Check Details

Version: 2.0.0
Check: package dependencies
Result: NOTE Package suggested but not available for checking: ‘V8’ Flavor: r-release-macos-arm64