CRAN Package Check Results for Package lessR

Last updated on 2022-12-03 03:57:12 CET.

Flavor Version Tinstall Tcheck Ttotal Status Flags
r-devel-linux-x86_64-debian-clang 4.2.3 36.87 303.15 340.02 OK
r-devel-linux-x86_64-debian-gcc 4.2.3 32.88 224.15 257.03 OK
r-devel-linux-x86_64-fedora-clang 4.2.3 433.72 NOTE
r-devel-linux-x86_64-fedora-gcc 4.2.3 453.84 OK
r-devel-windows-x86_64 4.2.3 125.00 380.00 505.00 NOTE
r-patched-linux-x86_64 4.2.3 45.13 288.94 334.07 OK
r-release-linux-x86_64 4.2.3 44.65 266.37 311.02 OK
r-release-macos-arm64 4.2.3 108.00 NOTE
r-release-macos-x86_64 4.2.3 146.00 NOTE
r-release-windows-x86_64 4.2.3 125.00 388.00 513.00 NOTE
r-oldrel-macos-arm64 4.2.3 117.00 NOTE
r-oldrel-macos-x86_64 4.2.3 163.00 NOTE
r-oldrel-windows-ix86+x86_64 4.2.3 65.00 331.00 396.00 NOTE

Check Details

Version: 4.2.3
Check: installed package size
Result: NOTE
     installed size is 8.3Mb
     sub-directories of 1Mb or more:
     R 1.3Mb
     doc 5.8Mb
Flavors: r-devel-linux-x86_64-fedora-clang, r-devel-windows-x86_64, r-release-macos-arm64, r-release-macos-x86_64, r-release-windows-x86_64, r-oldrel-macos-arm64, r-oldrel-macos-x86_64, r-oldrel-windows-ix86+x86_64