Last updated on 2023-12-10 03:59:59 CET.
Flavor | Version | Tinstall | Tcheck | Ttotal | Status | Flags |
---|---|---|---|---|---|---|
r-devel-linux-x86_64-debian-clang | 1.6.4 | 4.99 | 57.31 | 62.30 | OK | |
r-devel-linux-x86_64-debian-gcc | 1.6.4 | 3.67 | 43.31 | 46.98 | OK | |
r-devel-linux-x86_64-fedora-clang | 1.6.4 | 75.40 | NOTE | |||
r-devel-linux-x86_64-fedora-gcc | 1.6.4 | 89.20 | NOTE | |||
r-devel-windows-x86_64 | 1.6.4 | 6.00 | 75.00 | 81.00 | OK | |
r-patched-linux-x86_64 | 1.6.4 | 6.95 | 53.95 | 60.90 | OK | |
r-release-linux-x86_64 | 1.6.4 | 5.27 | 53.81 | 59.08 | OK | |
r-release-macos-arm64 | 1.6.4 | 31.00 | OK | |||
r-release-macos-x86_64 | 1.6.4 | 51.00 | OK | |||
r-release-windows-x86_64 | 1.6.4 | 7.00 | 82.00 | 89.00 | OK | |
r-oldrel-macos-arm64 | 1.6.4 | 29.00 | NOTE | |||
r-oldrel-macos-x86_64 | 1.6.4 | 38.00 | NOTE | |||
r-oldrel-windows-x86_64 | 1.6.4 | 7.00 | 77.00 | 84.00 | OK |
Version: 1.6.4
Check: data for non-ASCII characters
Result: NOTE
Note: found 22 marked UTF-8 strings
Flavors: r-devel-linux-x86_64-fedora-clang, r-devel-linux-x86_64-fedora-gcc, r-oldrel-macos-arm64, r-oldrel-macos-x86_64