CRAN Package Check Results for Package liminal

Last updated on 2022-09-29 04:58:18 CEST.

Flavor Version Tinstall Tcheck Ttotal Status Flags
r-devel-linux-x86_64-debian-clang 0.1.2 6.39 92.75 99.14 OK
r-devel-linux-x86_64-debian-gcc 0.1.2 5.63 70.71 76.34 OK
r-devel-linux-x86_64-fedora-clang 0.1.2 131.95 NOTE
r-devel-linux-x86_64-fedora-gcc 0.1.2 130.73 OK
r-devel-windows-x86_64 0.1.2 16.00 133.00 149.00 OK
r-patched-linux-x86_64 0.1.2 11.69 92.53 104.22 OK
r-release-linux-x86_64 0.1.2 6.53 92.72 99.25 OK
r-release-macos-arm64 0.1.2 43.00 OK
r-release-macos-x86_64 0.1.2 75.00 OK
r-release-windows-x86_64 0.1.2 25.00 130.00 155.00 OK
r-oldrel-macos-arm64 0.1.2 59.00 OK
r-oldrel-macos-x86_64 0.1.2 62.00 OK
r-oldrel-windows-ix86+x86_64 0.1.2 15.00 123.00 138.00 OK

Check Details

Version: 0.1.2
Check: Rd cross-references
Result: NOTE
    Undeclared package ‘tidyselect’ in Rd xrefs
Flavor: r-devel-linux-x86_64-fedora-clang