CRAN Package Check Results for Package linkspotter

Last updated on 2022-11-26 03:58:11 CET.

Flavor Version Tinstall Tcheck Ttotal Status Flags
r-devel-linux-x86_64-debian-clang 1.3.0 9.57 112.71 122.28 NOTE
r-devel-linux-x86_64-debian-gcc 1.3.0 7.18 80.41 87.59 NOTE
r-devel-linux-x86_64-fedora-clang 1.3.0 153.57 NOTE
r-devel-linux-x86_64-fedora-gcc 1.3.0 161.42 NOTE
r-devel-windows-x86_64 1.3.0 36.00 141.00 177.00 NOTE
r-patched-linux-x86_64 1.3.0 NOTE
r-release-linux-x86_64 1.3.0 9.41 104.53 113.94 NOTE
r-release-macos-arm64 1.3.0 34.00 NOTE
r-release-macos-x86_64 1.3.0 83.00 NOTE
r-release-windows-x86_64 1.3.0 39.00 140.00 179.00 NOTE
r-oldrel-macos-arm64 1.3.0 82.00 NOTE
r-oldrel-macos-x86_64 1.3.0 64.00 NOTE
r-oldrel-windows-ix86+x86_64 1.3.0 24.00 137.00 161.00 NOTE

Check Details

Version: 1.3.0
Check: LazyData
Result: NOTE
     'LazyData' is specified without a 'data' directory
Flavors: r-devel-linux-x86_64-debian-clang, r-devel-linux-x86_64-debian-gcc, r-devel-linux-x86_64-fedora-clang, r-devel-linux-x86_64-fedora-gcc, r-devel-windows-x86_64, r-patched-linux-x86_64, r-release-linux-x86_64, r-release-macos-arm64, r-release-macos-x86_64, r-release-windows-x86_64, r-oldrel-macos-arm64, r-oldrel-macos-x86_64, r-oldrel-windows-ix86+x86_64