Last updated on 2023-12-02 03:57:44 CET.
Flavor | Version | Tinstall | Tcheck | Ttotal | Status | Flags |
---|---|---|---|---|---|---|
r-devel-linux-x86_64-debian-clang | 1.3.0 | 11.47 | 104.47 | 115.94 | NOTE | |
r-devel-linux-x86_64-debian-gcc | 1.3.0 | 8.03 | 74.60 | 82.63 | NOTE | |
r-devel-linux-x86_64-fedora-clang | 1.3.0 | 138.90 | NOTE | |||
r-devel-linux-x86_64-fedora-gcc | 1.3.0 | 146.10 | NOTE | |||
r-devel-windows-x86_64 | 1.3.0 | 10.00 | 99.00 | 109.00 | NOTE | |
r-patched-linux-x86_64 | 1.3.0 | 6.37 | 96.39 | 102.76 | NOTE | |
r-release-linux-x86_64 | 1.3.0 | 6.35 | 97.93 | 104.28 | NOTE | |
r-release-macos-arm64 | 1.3.0 | 44.00 | NOTE | |||
r-release-macos-x86_64 | 1.3.0 | 82.00 | NOTE | |||
r-release-windows-x86_64 | 1.3.0 | 14.00 | 115.00 | 129.00 | NOTE | |
r-oldrel-macos-arm64 | 1.3.0 | 34.00 | NOTE | |||
r-oldrel-macos-x86_64 | 1.3.0 | 83.00 | NOTE | |||
r-oldrel-windows-x86_64 | 1.3.0 | 14.00 | 117.00 | 131.00 | NOTE |
Version: 1.3.0
Check: LazyData
Result: NOTE
'LazyData' is specified without a 'data' directory
Flavors: r-devel-linux-x86_64-debian-clang, r-devel-linux-x86_64-debian-gcc, r-devel-linux-x86_64-fedora-clang, r-devel-linux-x86_64-fedora-gcc, r-devel-windows-x86_64, r-patched-linux-x86_64, r-release-linux-x86_64, r-release-macos-arm64, r-release-macos-x86_64, r-release-windows-x86_64, r-oldrel-macos-arm64, r-oldrel-macos-x86_64, r-oldrel-windows-x86_64